Last updated on 2025-11-16 01:49:26 CET.
| Flavor | Version | Tinstall | Tcheck | Ttotal | Status | Flags |
|---|---|---|---|---|---|---|
| r-devel-linux-x86_64-debian-clang | 1.2.7 | 62.43 | 90.45 | 152.88 | OK | |
| r-devel-linux-x86_64-debian-gcc | 1.2.7 | 45.56 | 69.50 | 115.06 | NOTE | |
| r-devel-linux-x86_64-fedora-clang | 1.2.7 | 157.00 | 135.93 | 292.93 | OK | |
| r-devel-linux-x86_64-fedora-gcc | 1.2.7 | 141.00 | 126.28 | 267.28 | OK | |
| r-devel-windows-x86_64 | 1.2.7 | 96.00 | 151.00 | 247.00 | OK | |
| r-patched-linux-x86_64 | 1.2.7 | 64.77 | 87.08 | 151.85 | OK | |
| r-release-linux-x86_64 | 1.2.7 | 62.80 | 86.91 | 149.71 | OK | |
| r-release-macos-arm64 | 1.2.7 | 24.00 | 67.00 | 91.00 | OK | |
| r-release-macos-x86_64 | 1.2.7 | 28.00 | 107.00 | 135.00 | OK | |
| r-release-windows-x86_64 | 1.2.7 | 88.00 | 151.00 | 239.00 | OK | |
| r-oldrel-macos-arm64 | 1.2.7 | 26.00 | 53.00 | 79.00 | OK | |
| r-oldrel-macos-x86_64 | 1.2.7 | 23.00 | 84.00 | 107.00 | OK | |
| r-oldrel-windows-x86_64 | 1.2.7 | 101.00 | 174.00 | 275.00 | OK |
Version: 1.2.7
Check: CRAN incoming feasibility
Result: NOTE
Maintainer: ‘Martin R. Smith <martin.smith@durham.ac.uk>’
The BugReports field in DESCRIPTION has
https://github.com/ms609/Quartet/issues/
which should likely be
https://github.com/ms609/Quartet/issues/issues
instead.
Flavor: r-devel-linux-x86_64-debian-gcc