Last updated on 2024-07-17 20:57:08 CEST.
Flavor | Version | Tinstall | Tcheck | Ttotal | Status | Flags |
---|---|---|---|---|---|---|
r-devel-linux-x86_64-debian-clang | 0.1.0 | 13.51 | 93.52 | 107.03 | OK | |
r-devel-linux-x86_64-debian-gcc | 0.1.0 | 8.17 | 68.28 | 76.45 | OK | |
r-devel-linux-x86_64-fedora-clang | 0.1.0 | 130.57 | NOTE | |||
r-devel-linux-x86_64-fedora-gcc | 0.1.0 | 134.65 | NOTE | |||
r-devel-windows-x86_64 | 0.1.0 | 12.00 | 86.00 | 98.00 | OK | |
r-patched-linux-x86_64 | 0.1.0 | 10.29 | 88.75 | 99.04 | OK | |
r-release-linux-x86_64 | 0.1.0 | 9.20 | 89.27 | 98.47 | OK | |
r-release-macos-arm64 | 0.1.0 | 37.00 | OK | |||
r-release-macos-x86_64 | 0.1.0 | 56.00 | OK | |||
r-release-windows-x86_64 | 0.1.0 | 10.00 | 86.00 | 96.00 | OK | |
r-oldrel-macos-arm64 | 0.1.0 | 42.00 | OK | |||
r-oldrel-macos-x86_64 | 0.1.0 | 64.00 | OK | |||
r-oldrel-windows-x86_64 | 0.1.0 | 13.00 | 99.00 | 112.00 | OK |
Version: 0.1.0
Check: dependencies in R code
Result: NOTE
Namespace in Imports field not imported from: ‘missMethods’
All declared Imports should be used.
Flavors: r-devel-linux-x86_64-fedora-clang, r-devel-linux-x86_64-fedora-gcc