Last updated on 2025-11-16 01:49:26 CET.
| Flavor | Version | Tinstall | Tcheck | Ttotal | Status | Flags |
|---|---|---|---|---|---|---|
| r-devel-linux-x86_64-debian-clang | 1.2.1 | 195.07 | 90.66 | 285.73 | OK | |
| r-devel-linux-x86_64-debian-gcc | 1.2.1 | 182.17 | 65.91 | 248.08 | OK | |
| r-devel-linux-x86_64-fedora-clang | 1.2.1 | 900.00 | -439.56 | 460.44 | OK | |
| r-devel-linux-x86_64-fedora-gcc | 1.2.1 | 2100.00 | -1434.23 | 665.77 | OK | |
| r-devel-windows-x86_64 | 1.2.1 | 228.00 | 141.00 | 369.00 | OK | |
| r-patched-linux-x86_64 | 1.2.1 | 241.95 | 86.94 | 328.89 | OK | |
| r-release-linux-x86_64 | 1.2.1 | 240.75 | 86.53 | 327.28 | OK | |
| r-release-macos-arm64 | 1.2.1 | 82.00 | 50.00 | 132.00 | OK | |
| r-release-macos-x86_64 | 1.2.1 | 119.00 | 96.00 | 215.00 | OK | |
| r-release-windows-x86_64 | 1.2.1 | 206.00 | 138.00 | 344.00 | OK | |
| r-oldrel-macos-arm64 | 1.2.1 | 91.00 | 56.00 | 147.00 | NOTE | |
| r-oldrel-macos-x86_64 | 1.2.1 | 137.00 | 122.00 | 259.00 | NOTE | |
| r-oldrel-windows-x86_64 | 1.2.1 | 254.00 | 181.00 | 435.00 | NOTE |
Version: 1.2.1
Check: installed package size
Result: NOTE
installed size is 114.6Mb
sub-directories of 1Mb or more:
libs 113.8Mb
Flavors: r-oldrel-macos-arm64, r-oldrel-macos-x86_64, r-oldrel-windows-x86_64