Last updated on 2024-03-27 19:57:01 CET.
Flavor | Version | Tinstall | Tcheck | Ttotal | Status | Flags |
---|---|---|---|---|---|---|
r-devel-linux-x86_64-debian-clang | 1.2.0 | 237.15 | 118.87 | 356.02 | OK | |
r-devel-linux-x86_64-debian-gcc | 1.2.0 | 258.10 | 89.25 | 347.35 | OK | |
r-devel-linux-x86_64-fedora-clang | 1.2.0 | 490.28 | OK | |||
r-devel-linux-x86_64-fedora-gcc | 1.2.0 | 663.28 | OK | |||
r-devel-windows-x86_64 | 1.2.0 | 186.00 | 148.00 | 334.00 | NOTE | |
r-patched-linux-x86_64 | 1.2.0 | 191.15 | 112.20 | 303.35 | OK | |
r-release-linux-x86_64 | 1.2.0 | 209.88 | 112.39 | 322.27 | OK | |
r-release-macos-arm64 | 1.2.0 | 115.00 | NOTE | |||
r-release-macos-x86_64 | 1.2.0 | 320.00 | NOTE | |||
r-release-windows-x86_64 | 1.2.0 | 252.00 | 188.00 | 440.00 | NOTE | |
r-oldrel-macos-arm64 | 1.2.0 | 117.00 | NOTE | |||
r-oldrel-windows-x86_64 | 1.2.0 | 242.00 | 167.00 | 409.00 | NOTE |
Version: 1.2.0
Check: installed package size
Result: NOTE
installed size is 26.3Mb
sub-directories of 1Mb or more:
libs 25.6Mb
Flavors: r-devel-windows-x86_64, r-release-macos-arm64, r-release-macos-x86_64, r-release-windows-x86_64, r-oldrel-macos-arm64, r-oldrel-windows-x86_64