Last updated on 2024-04-17 20:57:45 CEST.
Flavor | Version | Tinstall | Tcheck | Ttotal | Status | Flags |
---|---|---|---|---|---|---|
r-devel-linux-x86_64-debian-clang | 0.1.0 | 10.07 | 300.86 | 310.93 | OK | |
r-devel-linux-x86_64-debian-gcc | 0.1.0 | 8.06 | 210.32 | 218.38 | OK | |
r-devel-linux-x86_64-fedora-clang | 0.1.0 | 375.00 | NOTE | |||
r-devel-linux-x86_64-fedora-gcc | 0.1.0 | 369.13 | NOTE | |||
r-prerel-macos-arm64 | 0.1.0 | 96.00 | OK | |||
r-prerel-windows-x86_64 | 0.1.0 | 11.00 | 219.00 | 230.00 | OK | |
r-patched-linux-x86_64 | 0.1.0 | 15.63 | 280.69 | 296.32 | OK | |
r-release-linux-x86_64 | 0.1.0 | 8.23 | 280.34 | 288.57 | OK | |
r-release-macos-arm64 | 0.1.0 | 100.00 | OK | |||
r-release-macos-x86_64 | 0.1.0 | 163.00 | OK | |||
r-release-windows-x86_64 | 0.1.0 | 15.00 | 288.00 | 303.00 | OK | |
r-oldrel-macos-arm64 | 0.1.0 | 56.00 | NOTE | |||
r-oldrel-windows-x86_64 | 0.1.0 | 15.00 | 295.00 | 310.00 | OK |
Version: 0.1.0
Check: dependencies in R code
Result: NOTE
Namespace in Imports field not imported from: ‘data.table’
All declared Imports should be used.
Flavors: r-devel-linux-x86_64-fedora-clang, r-devel-linux-x86_64-fedora-gcc, r-oldrel-macos-arm64