Last updated on 2024-04-22 20:53:46 CEST.
Flavor | Version | Tinstall | Tcheck | Ttotal | Status | Flags |
---|---|---|---|---|---|---|
r-devel-linux-x86_64-debian-clang | 1.0.0 | 4.00 | 61.89 | 65.89 | OK | |
r-devel-linux-x86_64-debian-gcc | 1.0.0 | 3.83 | 46.41 | 50.24 | OK | |
r-devel-linux-x86_64-fedora-clang | 1.0.0 | 85.00 | OK | |||
r-devel-linux-x86_64-fedora-gcc | 1.0.0 | 93.18 | OK | |||
r-prerel-macos-arm64 | 1.0.0 | 35.00 | WARN | |||
r-prerel-macos-x86_64 | 1.0.0 | 81.00 | WARN | |||
r-prerel-windows-x86_64 | 1.0.0 | 6.00 | 72.00 | 78.00 | OK | |
r-patched-linux-x86_64 | 1.0.0 | 6.13 | 59.78 | 65.91 | OK | |
r-release-linux-x86_64 | 1.0.0 | 4.84 | 55.66 | 60.50 | OK | |
r-release-macos-arm64 | 1.0.0 | 44.00 | WARN | |||
r-release-macos-x86_64 | 1.0.0 | 76.00 | WARN | |||
r-release-windows-x86_64 | 1.0.0 | 7.00 | 75.00 | 82.00 | OK | |
r-oldrel-macos-arm64 | 1.0.0 | 45.00 | WARN | |||
r-oldrel-windows-x86_64 | 1.0.0 | 7.00 | 72.00 | 79.00 | OK |
Version: 1.0.0
Check: dependencies in R code
Result: WARN
Missing or unexported objects:
‘async::http_get’ ‘async::http_stop_for_status’ ‘async::synchronise’
‘async::when_all’
Flavors: r-prerel-macos-arm64, r-prerel-macos-x86_64, r-release-macos-arm64, r-release-macos-x86_64, r-oldrel-macos-arm64