CRAN Package Check Results for Package PytrendsLongitudinalR

Last updated on 2025-02-06 19:49:32 CET.

Flavor Version Tinstall Tcheck Ttotal Status Flags
r-devel-linux-x86_64-debian-clang 0.1.4 8.72 83.46 92.18 OK
r-devel-linux-x86_64-debian-gcc 0.1.4 6.54 65.33 71.87 OK
r-devel-linux-x86_64-fedora-clang 0.1.4 169.90 OK
r-devel-linux-x86_64-fedora-gcc 0.1.4 163.54 OK
r-devel-windows-x86_64 0.1.4 10.00 0.00 10.00 FAIL
r-patched-linux-x86_64 0.1.4 8.27 79.61 87.88 OK
r-release-linux-x86_64 0.1.4 7.90 79.51 87.41 OK
r-release-macos-arm64 0.1.4 56.00 OK
r-release-macos-x86_64 0.1.4 112.00 OK
r-release-windows-x86_64 0.1.4 9.00 97.00 106.00 OK
r-oldrel-macos-arm64 0.1.4 60.00 OK
r-oldrel-macos-x86_64 0.1.4 100.00 OK
r-oldrel-windows-x86_64 0.1.4 116.00 0.00 116.00 OK

Check Details

Version: 0.1.4
Check: PDF version of manual
Result: FAIL Check process probably crashed or hung up for 20 minutes ... killed Most likely this happened in the example checks (?), if not, ignore the following last lines of example output: > cleanEx() > nameEx("time_series") > ### * time_series > > flush(stderr()); flush(stdout()) > > ### Name: time_series > ### Title: Collect Time-Series Google Trends Data > ### Aliases: time_series > > ### ** Examples > > > > > ### * <FOOTER> > ### > cleanEx() > options(digits = 7L) > base::cat("Time elapsed: ", proc.time() - base::get("ptime", pos = 'CheckExEnv'),"\n") Time elapsed: 3 1.15 4.84 NA NA > grDevices::dev.off() null device 1 > ### > ### Local variables: *** > ### mode: outline-minor *** > ### outline-regexp: "\\(> \\)?### [*]+" *** > ### End: *** > quit('no') ======== End of example output (where/before crash/hang up occured ?) ======== Flavor: r-devel-windows-x86_64