Last updated on 2023-01-30 20:55:54 CET.
Flavor | Version | Tinstall | Tcheck | Ttotal | Status | Flags |
---|---|---|---|---|---|---|
r-devel-linux-x86_64-debian-clang | 0.6.2 | 13.22 | 186.72 | 199.94 | OK | |
r-devel-linux-x86_64-debian-gcc | 0.6.2 | 10.60 | 136.58 | 147.18 | OK | |
r-devel-linux-x86_64-fedora-clang | 0.6.2 | 248.98 | NOTE | |||
r-devel-linux-x86_64-fedora-gcc | 0.6.2 | 259.63 | OK | |||
r-devel-windows-x86_64 | 0.6.2 | 32.00 | 232.00 | 264.00 | OK | |
r-patched-linux-x86_64 | 0.6.2 | 13.37 | 175.94 | 189.31 | OK | |
r-release-linux-x86_64 | 0.6.2 | 9.48 | 167.22 | 176.70 | OK | |
r-release-macos-arm64 | 0.6.2 | 61.00 | OK | |||
r-release-macos-x86_64 | 0.6.2 | 120.00 | OK | |||
r-release-windows-x86_64 | 0.6.2 | 41.00 | 226.00 | 267.00 | OK | |
r-oldrel-macos-arm64 | 0.6.2 | 97.00 | OK | |||
r-oldrel-macos-x86_64 | 0.6.2 | 92.00 | OK | |||
r-oldrel-windows-ix86+x86_64 | 0.6.2 | 28.00 | 217.00 | 245.00 | OK |
Version: 0.6.2
Check: Rd cross-references
Result: NOTE
Undeclared package ‘tibble’ in Rd xrefs
Flavor: r-devel-linux-x86_64-fedora-clang