Last updated on 2024-04-22 20:53:46 CEST.
Flavor | Version | Tinstall | Tcheck | Ttotal | Status | Flags |
---|---|---|---|---|---|---|
r-devel-linux-x86_64-debian-clang | 1.4-7 | 9.80 | 25.44 | 35.24 | OK | |
r-devel-linux-x86_64-debian-gcc | 1.4-7 | 7.96 | 19.77 | 27.73 | OK | |
r-devel-linux-x86_64-fedora-clang | 1.4-7 | 45.94 | NOTE | |||
r-devel-linux-x86_64-fedora-gcc | 1.4-7 | 44.80 | OK | |||
r-prerel-macos-arm64 | 1.4-7 | 19.00 | OK | |||
r-prerel-windows-x86_64 | 1.4-7 | 10.00 | 47.00 | 57.00 | OK | |
r-patched-linux-x86_64 | 1.4-7 | 10.30 | 24.20 | 34.50 | OK | |
r-release-linux-x86_64 | 1.4-7 | 11.71 | 25.23 | 36.94 | OK | |
r-release-macos-arm64 | 1.4-7 | 82.00 | OK | |||
r-release-macos-x86_64 | 1.4-7 | 41.00 | OK | |||
r-release-windows-x86_64 | 1.4-7 | 12.00 | 46.00 | 58.00 | OK | |
r-oldrel-macos-arm64 | 1.4-7 | 25.00 | OK | |||
r-oldrel-windows-x86_64 | 1.4-7 | 15.00 | 50.00 | 65.00 | OK |
Version: 1.4-7
Check: installed package size
Result: NOTE
installed size is 9.9Mb
sub-directories of 1Mb or more:
libs 9.7Mb
Flavor: r-devel-linux-x86_64-fedora-clang