CRAN Package Check Results for Package PracticalEquiDesign

Last updated on 2022-09-28 21:51:45 CEST.

Flavor Version Tinstall Tcheck Ttotal Status Flags
r-devel-linux-x86_64-debian-clang 0.0.3 2.63 30.81 33.44 OK
r-devel-linux-x86_64-debian-gcc 0.0.3 1.69 24.19 25.88 OK
r-devel-linux-x86_64-fedora-clang 0.0.3 53.87 NOTE
r-devel-linux-x86_64-fedora-gcc 0.0.3 50.58 NOTE
r-devel-windows-x86_64 0.0.3 28.00 61.00 89.00 OK
r-patched-linux-x86_64 0.0.3 2.24 30.06 32.30 OK
r-release-linux-x86_64 0.0.3 1.94 29.43 31.37 OK
r-release-macos-arm64 0.0.3 18.00 NOTE
r-release-macos-x86_64 0.0.3 33.00 NOTE
r-release-windows-x86_64 0.0.3 23.00 61.00 84.00 OK
r-oldrel-macos-arm64 0.0.3 20.00 NOTE
r-oldrel-macos-x86_64 0.0.3 26.00 NOTE
r-oldrel-windows-ix86+x86_64 0.0.3 7.00 59.00 66.00 OK

Check Details

Version: 0.0.3
Check: dependencies in R code
Result: NOTE
    Namespaces in Imports field not imported from:
     ‘dplyr’ ‘methods’ ‘numDeriv’ ‘tidyr’
     All declared Imports should be used.
Flavors: r-devel-linux-x86_64-fedora-clang, r-devel-linux-x86_64-fedora-gcc, r-release-macos-arm64, r-release-macos-x86_64, r-oldrel-macos-arm64, r-oldrel-macos-x86_64