Last updated on 2025-11-23 20:48:57 CET.
| Flavor | Version | Tinstall | Tcheck | Ttotal | Status | Flags |
|---|---|---|---|---|---|---|
| r-devel-linux-x86_64-debian-clang | 1.0.0 | 4.59 | 59.36 | 63.95 | NOTE | |
| r-devel-linux-x86_64-debian-gcc | 1.0.0 | 4.17 | 44.24 | 48.41 | NOTE | |
| r-devel-linux-x86_64-fedora-clang | 1.0.0 | 12.00 | 90.52 | 102.52 | OK | |
| r-devel-windows-x86_64 | 1.0.0 | 8.00 | 65.00 | 73.00 | OK | |
| r-patched-linux-x86_64 | 1.0.0 | 5.45 | 56.47 | 61.92 | OK | |
| r-release-linux-x86_64 | 1.0.0 | 6.46 | 56.71 | 63.17 | OK | |
| r-release-macos-arm64 | 1.0.0 | OK | ||||
| r-release-macos-x86_64 | 1.0.0 | 5.00 | 37.00 | 42.00 | OK | |
| r-release-windows-x86_64 | 1.0.0 | 7.00 | 66.00 | 73.00 | OK | |
| r-oldrel-macos-arm64 | 1.0.0 | OK | ||||
| r-oldrel-macos-x86_64 | 1.0.0 | 4.00 | 32.00 | 36.00 | OK | |
| r-oldrel-windows-x86_64 | 1.0.0 | 10.00 | 84.00 | 94.00 | OK |
Version: 1.0.0
Check: CRAN incoming feasibility
Result: NOTE
Maintainer: ‘Joaquin Bienvenido Ordieres Mere <j.ordieres@upm.es>’
No Authors@R field in DESCRIPTION.
Please add one, modifying
Authors@R: c(person(given = c("Javier", "Celigueta"),
family = "Mu<b1>oz",
role = "aut",
email = "b1"),
person(given = c("Joaquin", "Bienvenido", "Ordieres"),
family = "Mere",
role = "cre",
email = "j.ordieres@upm.es"))
as necessary.
Flavors: r-devel-linux-x86_64-debian-clang, r-devel-linux-x86_64-debian-gcc