Last updated on 2024-03-28 19:48:40 CET.
Flavor | Version | Tinstall | Tcheck | Ttotal | Status | Flags |
---|---|---|---|---|---|---|
r-devel-linux-x86_64-debian-clang | 3.5.0 | 36.70 | 261.49 | 298.19 | OK | |
r-devel-linux-x86_64-debian-gcc | 3.5.0 | 32.40 | 190.44 | 222.84 | OK | |
r-devel-linux-x86_64-fedora-clang | 3.5.0 | 403.98 | OK | |||
r-devel-linux-x86_64-fedora-gcc | 3.5.0 | 374.46 | OK | |||
r-devel-windows-x86_64 | 3.5.0 | 35.00 | 202.00 | 237.00 | OK | |
r-patched-linux-x86_64 | 3.5.0 | 43.04 | 251.78 | 294.82 | OK | |
r-release-linux-x86_64 | 3.5.0 | 28.42 | 249.07 | 277.49 | OK | |
r-release-macos-arm64 | 3.5.0 | 118.00 | NOTE | |||
r-release-macos-x86_64 | 3.5.0 | 192.00 | NOTE | |||
r-release-windows-x86_64 | 3.5.0 | 45.00 | 269.00 | 314.00 | OK | |
r-oldrel-macos-arm64 | 3.5.0 | 102.00 | NOTE | |||
r-oldrel-windows-x86_64 | 3.5.0 | 48.00 | 266.00 | 314.00 | OK |
Version: 3.5.0
Check: package dependencies
Result: NOTE
Package suggested but not available for checking: ‘slingshot’
Flavors: r-release-macos-arm64, r-release-macos-x86_64, r-oldrel-macos-arm64