Last updated on 2024-07-17 20:57:07 CEST.
Flavor | Version | Tinstall | Tcheck | Ttotal | Status | Flags |
---|---|---|---|---|---|---|
r-devel-linux-x86_64-debian-clang | 1.1.11 | 61.06 | 524.49 | 585.55 | OK | |
r-devel-linux-x86_64-debian-gcc | 1.1.11 | 51.30 | 390.91 | 442.21 | OK | |
r-devel-linux-x86_64-fedora-clang | 1.1.11 | 741.35 | NOTE | |||
r-devel-linux-x86_64-fedora-gcc | 1.1.11 | 760.42 | NOTE | |||
r-devel-windows-x86_64 | 1.1.11 | 50.00 | 330.00 | 380.00 | OK | |
r-patched-linux-x86_64 | 1.1.11 | 39.25 | 494.79 | 534.04 | OK | |
r-release-linux-x86_64 | 1.1.11 | 41.70 | 498.55 | 540.25 | OK | |
r-release-macos-arm64 | 1.1.11 | 185.00 | OK | |||
r-release-macos-x86_64 | 1.1.11 | 282.00 | OK | |||
r-release-windows-x86_64 | 1.1.11 | 52.00 | 337.00 | 389.00 | OK | |
r-oldrel-macos-arm64 | 1.1.11 | 6.00 | ERROR | |||
r-oldrel-macos-x86_64 | 1.1.11 | 379.00 | OK | |||
r-oldrel-windows-x86_64 | 1.1.11 | 72.00 | 438.00 | 510.00 | OK |
Version: 1.1.11
Check: dependencies in R code
Result: NOTE
Namespace in Imports field not imported from: ‘robustbase’
All declared Imports should be used.
Flavors: r-devel-linux-x86_64-fedora-clang, r-devel-linux-x86_64-fedora-gcc
Version: 1.1.11
Check: package dependencies
Result: ERROR
Package required but not available: ‘VariantAnnotation’
See section ‘The DESCRIPTION file’ in the ‘Writing R Extensions’
manual.
Flavor: r-oldrel-macos-arm64