Last updated on 2024-04-27 21:20:31 CEST.
Flavor | Version | Tinstall | Tcheck | Ttotal | Status | Flags |
---|---|---|---|---|---|---|
r-devel-linux-x86_64-debian-clang | 1.1.11 | 56.23 | 527.41 | 583.64 | OK | |
r-devel-linux-x86_64-debian-gcc | 1.1.11 | 50.25 | 386.23 | 436.48 | OK | |
r-devel-linux-x86_64-fedora-clang | 1.1.11 | 770.89 | NOTE | |||
r-devel-linux-x86_64-fedora-gcc | 1.1.11 | 698.37 | NOTE | |||
r-devel-windows-x86_64 | 1.1.11 | 54.00 | 336.00 | 390.00 | OK | |
r-patched-linux-x86_64 | 1.1.11 | 45.06 | 500.80 | 545.86 | OK | |
r-release-linux-x86_64 | 1.1.11 | 51.70 | 521.15 | 572.85 | OK | |
r-release-macos-arm64 | 1.1.11 | 185.00 | OK | |||
r-release-macos-x86_64 | 1.1.11 | 385.00 | OK | |||
r-release-windows-x86_64 | 1.1.11 | 51.00 | 340.00 | 391.00 | OK | |
r-oldrel-macos-arm64 | 1.1.11 | 6.00 | ERROR | |||
r-oldrel-macos-x86_64 | 1.1.11 | 379.00 | OK | |||
r-oldrel-windows-x86_64 | 1.1.11 | 17.00 | 5.00 | 22.00 | ERROR |
Version: 1.1.11
Check: dependencies in R code
Result: NOTE
Namespace in Imports field not imported from: ‘robustbase’
All declared Imports should be used.
Flavors: r-devel-linux-x86_64-fedora-clang, r-devel-linux-x86_64-fedora-gcc
Version: 1.1.11
Check: package dependencies
Result: ERROR
Package required but not available: ‘VariantAnnotation’
See section ‘The DESCRIPTION file’ in the ‘Writing R Extensions’
manual.
Flavor: r-oldrel-macos-arm64
Version: 1.1.11
Check: whether package can be installed
Result: ERROR
Installation failed.
Flavor: r-oldrel-windows-x86_64