CRAN Package Check Results for Package PlaneGeometry

Last updated on 2022-11-27 19:51:38 CET.

Flavor Version Tinstall Tcheck Ttotal Status Flags
r-devel-linux-x86_64-debian-clang 1.3.1 17.47 238.04 255.51 OK
r-devel-linux-x86_64-debian-gcc 1.3.1 18.96 164.79 183.75 OK
r-devel-linux-x86_64-fedora-clang 1.3.1 311.01 NOTE
r-devel-linux-x86_64-fedora-gcc 1.3.1 306.28 OK
r-devel-windows-x86_64 1.3.1 115.00 257.00 372.00 NOTE
r-patched-linux-x86_64 1.3.1 26.16 212.23 238.39 OK
r-release-linux-x86_64 1.3.1 16.07 212.06 228.13 OK
r-release-macos-arm64 1.3.1 86.00 NOTE
r-release-macos-x86_64 1.3.1 105.00 NOTE
r-release-windows-x86_64 1.3.1 92.00 250.00 342.00 NOTE
r-oldrel-macos-arm64 1.3.1 93.00 NOTE
r-oldrel-macos-x86_64 1.3.1 94.00 NOTE
r-oldrel-windows-ix86+x86_64 1.3.1 37.00 264.00 301.00 NOTE

Check Details

Version: 1.3.1
Check: installed package size
Result: NOTE
     installed size is 7.0Mb
     sub-directories of 1Mb or more:
     doc 5.9Mb
Flavors: r-devel-linux-x86_64-fedora-clang, r-devel-windows-x86_64, r-release-macos-arm64, r-release-macos-x86_64, r-release-windows-x86_64, r-oldrel-macos-arm64, r-oldrel-macos-x86_64, r-oldrel-windows-ix86+x86_64