Last updated on 2024-04-19 20:56:46 CEST.
Flavor | Version | Tinstall | Tcheck | Ttotal | Status | Flags |
---|---|---|---|---|---|---|
r-devel-linux-x86_64-debian-clang | 1.7.0 | 52.01 | 527.19 | 579.20 | OK | |
r-devel-linux-x86_64-debian-gcc | 1.7.0 | OK | ||||
r-devel-linux-x86_64-fedora-clang | 1.7.0 | 707.23 | OK | |||
r-devel-linux-x86_64-fedora-gcc | 1.7.0 | 686.67 | OK | |||
r-prerel-macos-arm64 | 1.7.0 | 167.00 | NOTE | |||
r-prerel-macos-x86_64 | 1.7.0 | 415.00 | NOTE | |||
r-prerel-windows-x86_64 | 1.7.0 | 50.00 | 351.00 | 401.00 | OK | |
r-patched-linux-x86_64 | 1.7.0 | 69.24 | 497.66 | 566.90 | OK | |
r-release-linux-x86_64 | 1.7.0 | 55.98 | 511.02 | 567.00 | OK | |
r-release-macos-arm64 | 1.7.0 | 179.00 | NOTE | |||
r-release-macos-x86_64 | 1.7.0 | 424.00 | NOTE | |||
r-release-windows-x86_64 | 1.7.0 | 65.00 | 510.00 | 575.00 | OK | |
r-oldrel-macos-arm64 | 1.7.0 | 193.00 | NOTE | |||
r-oldrel-windows-x86_64 | 1.7.0 | 60.00 | 483.00 | 543.00 | OK |
Version: 1.7.0
Check: installed package size
Result: NOTE
installed size is 5.1Mb
sub-directories of 1Mb or more:
libs 3.5Mb
Flavors: r-prerel-macos-arm64, r-prerel-macos-x86_64, r-release-macos-arm64, r-release-macos-x86_64, r-oldrel-macos-arm64