CRAN Package Check Results for Package Patterns

Last updated on 2022-12-03 23:01:35 CET.

Flavor Version Tinstall Tcheck Ttotal Status Flags
r-devel-linux-x86_64-debian-clang 1.4 45.43 399.47 444.90 OK
r-devel-linux-x86_64-debian-gcc 1.4 39.50 287.87 327.37 OK
r-devel-linux-x86_64-fedora-clang 1.4 576.21 OK
r-devel-linux-x86_64-fedora-gcc 1.4 568.68 OK
r-devel-windows-x86_64 1.4 56.00 412.00 468.00 OK
r-patched-linux-x86_64 1.3 13.50 163.71 177.21 OK
r-release-linux-x86_64 1.3 11.75 169.85 181.60 OK
r-release-macos-arm64 1.4 5.00 ERROR
r-release-macos-x86_64 1.4 486.00 OK
r-release-windows-x86_64 1.3 55.00 221.00 276.00 OK
r-oldrel-macos-arm64 1.4 210.00 OK
r-oldrel-macos-x86_64 1.4 253.00 OK
r-oldrel-windows-ix86+x86_64 1.3 34.00 212.00 246.00 OK

Check Details

Version: 1.4
Check: package dependencies
Result: ERROR
    Package required but not available: ‘Mfuzz’
    
    See section ‘The DESCRIPTION file’ in the ‘Writing R Extensions’
    manual.
Flavor: r-release-macos-arm64