Last updated on 2024-04-23 20:52:12 CEST.
Flavor | Version | Tinstall | Tcheck | Ttotal | Status | Flags |
---|---|---|---|---|---|---|
r-devel-linux-x86_64-debian-clang | 2.0.1 | 66.86 | 596.46 | 663.32 | NOTE | |
r-devel-linux-x86_64-debian-gcc | 2.0.1 | 50.88 | 448.60 | 499.48 | NOTE | |
r-devel-linux-x86_64-fedora-clang | 2.0.1 | 852.47 | NOTE | |||
r-devel-linux-x86_64-fedora-gcc | 2.0.1 | 834.97 | NOTE | |||
r-prerel-macos-arm64 | 2.0.1 | 183.00 | NOTE | |||
r-prerel-windows-x86_64 | 2.0.1 | 56.00 | 449.00 | 505.00 | NOTE | |
r-patched-linux-x86_64 | 2.0.1 | 67.44 | 569.15 | 636.59 | NOTE | |
r-release-linux-x86_64 | 2.0.1 | 65.30 | 572.37 | 637.67 | NOTE | |
r-release-macos-arm64 | 2.0.1 | 220.00 | NOTE | |||
r-release-macos-x86_64 | 2.0.1 | 400.00 | NOTE | |||
r-release-windows-x86_64 | 2.0.1 | 71.00 | 573.00 | 644.00 | NOTE | |
r-oldrel-macos-arm64 | 2.0.1 | 206.00 | NOTE | |||
r-oldrel-windows-x86_64 | 2.0.1 | 69.00 | 563.00 | 632.00 | OK |
Version: 2.0.1
Check: C++ specification
Result: NOTE
Specified C++11: please drop specification unless essential
Flavors: r-devel-linux-x86_64-debian-clang, r-devel-linux-x86_64-debian-gcc, r-devel-linux-x86_64-fedora-clang, r-devel-linux-x86_64-fedora-gcc, r-prerel-macos-arm64, r-prerel-windows-x86_64, r-patched-linux-x86_64, r-release-linux-x86_64, r-release-macos-arm64, r-release-macos-x86_64, r-release-windows-x86_64
Version: 2.0.1
Check: dependencies in R code
Result: NOTE
Namespace in Imports field not imported from: ‘grDevices’
All declared Imports should be used.
Flavors: r-devel-linux-x86_64-fedora-clang, r-devel-linux-x86_64-fedora-gcc, r-oldrel-macos-arm64