CRAN Package Check Results for Package PakPMICS2018mm

Last updated on 2025-05-09 20:49:57 CEST.

Flavor Version Tinstall Tcheck Ttotal Status Flags
r-devel-linux-x86_64-debian-clang 0.1.0 5.48 35.42 40.90 NOTE
r-devel-linux-x86_64-debian-gcc 0.1.0 4.23 26.87 31.10 NOTE
r-devel-linux-x86_64-fedora-clang 0.1.0 66.48 NOTE
r-devel-linux-x86_64-fedora-gcc 0.1.0 77.39 NOTE
r-devel-windows-x86_64 0.1.0 8.00 54.00 62.00 NOTE
r-patched-linux-x86_64 0.1.0 4.54 33.58 38.12 NOTE
r-release-linux-x86_64 0.1.0 6.03 33.65 39.68 NOTE
r-release-macos-arm64 0.1.0 37.00 NOTE
r-release-macos-x86_64 0.1.0 53.00 NOTE
r-release-windows-x86_64 0.1.0 8.00 55.00 63.00 NOTE
r-oldrel-macos-arm64 0.1.0 28.00 NOTE
r-oldrel-macos-x86_64 0.1.0 41.00 NOTE
r-oldrel-windows-x86_64 0.1.0 10.00 61.00 71.00 NOTE

Check Details

Version: 0.1.0
Check: Rd files
Result: NOTE checkRd: (-1) PakPMICS2018mm.Rd:69: Lost braces in \enumerate; meant \describe ? checkRd: (-1) PakPMICS2018mm.Rd:70: Lost braces in \enumerate; meant \describe ? Flavors: r-devel-linux-x86_64-debian-clang, r-devel-linux-x86_64-debian-gcc, r-devel-linux-x86_64-fedora-clang, r-devel-linux-x86_64-fedora-gcc, r-devel-windows-x86_64, r-patched-linux-x86_64, r-release-linux-x86_64, r-release-macos-arm64, r-release-macos-x86_64, r-release-windows-x86_64, r-oldrel-macos-arm64, r-oldrel-macos-x86_64, r-oldrel-windows-x86_64