Last updated on 2025-11-23 20:48:58 CET.
| Flavor | Version | Tinstall | Tcheck | Ttotal | Status | Flags |
|---|---|---|---|---|---|---|
| r-devel-linux-x86_64-debian-clang | 0.5.0 | 8.62 | 108.47 | 117.09 | NOTE | |
| r-devel-linux-x86_64-debian-gcc | 0.5.0 | 5.94 | 76.25 | 82.19 | NOTE | |
| r-devel-linux-x86_64-fedora-clang | 0.5.0 | 16.00 | 166.43 | 182.43 | OK | |
| r-devel-windows-x86_64 | 0.5.0 | 10.00 | 110.00 | 120.00 | OK | |
| r-patched-linux-x86_64 | 0.5.0 | 8.96 | 101.11 | 110.07 | OK | |
| r-release-linux-x86_64 | 0.5.0 | 8.08 | 103.51 | 111.59 | OK | |
| r-release-macos-arm64 | 0.5.0 | OK | ||||
| r-release-macos-x86_64 | 0.5.0 | 7.00 | 99.00 | 106.00 | OK | |
| r-release-windows-x86_64 | 0.5.0 | 9.00 | 142.00 | 151.00 | OK | |
| r-oldrel-macos-arm64 | 0.5.0 | OK | ||||
| r-oldrel-macos-x86_64 | 0.5.0 | 6.00 | 81.00 | 87.00 | OK | |
| r-oldrel-windows-x86_64 | 0.5.0 | 12.00 | 143.00 | 155.00 | OK |
Version: 0.5.0
Check: CRAN incoming feasibility
Result: NOTE
Maintainer: ‘Tianchen Xu <zjph602xutianchen@gmail.com>’
No Authors@R field in DESCRIPTION.
Please add one, modifying
Authors@R: person(given = "Tianchen",
family = "Xu",
role = c("aut", "cre"),
email = "zjph602xutianchen@gmail.com",
comment = c(ORCID = "0000-0002-0102-7630"))
as necessary.
Flavors: r-devel-linux-x86_64-debian-clang, r-devel-linux-x86_64-debian-gcc