Last updated on 2024-07-17 20:57:08 CEST.
Flavor | Version | Tinstall | Tcheck | Ttotal | Status | Flags |
---|---|---|---|---|---|---|
r-devel-linux-x86_64-debian-clang | 0.1-7 | 31.41 | 186.13 | 217.54 | OK | |
r-devel-linux-x86_64-debian-gcc | 0.1-7 | 27.42 | 135.81 | 163.23 | OK | |
r-devel-linux-x86_64-fedora-clang | 0.1-7 | 293.14 | OK | |||
r-devel-linux-x86_64-fedora-gcc | 0.1-7 | 267.02 | OK | |||
r-devel-windows-x86_64 | 0.1-7 | 22.00 | 130.00 | 152.00 | NOTE | |
r-patched-linux-x86_64 | 0.1-7 | 30.10 | 182.57 | 212.67 | OK | |
r-release-linux-x86_64 | 0.1-7 | 24.28 | 177.43 | 201.71 | OK | |
r-release-macos-arm64 | 0.1-7 | 62.00 | OK | |||
r-release-macos-x86_64 | 0.1-7 | 89.00 | OK | |||
r-release-windows-x86_64 | 0.1-7 | 21.00 | 131.00 | 152.00 | OK | |
r-oldrel-macos-arm64 | 0.1-7 | 73.00 | OK | |||
r-oldrel-macos-x86_64 | 0.1-7 | 143.00 | OK | |||
r-oldrel-windows-x86_64 | 0.1-7 | 28.00 | 154.00 | 182.00 | OK |
Version: 0.1-7
Check: Rd cross-references
Result: NOTE
Found the following Rd file(s) with Rd \link{} targets missing package
anchors:
pva-class.Rd: dcmle-class
Please provide package anchors for all Rd \link{} targets not in the
package itself and the base packages.
Flavor: r-devel-windows-x86_64