CRAN Package Check Results for Package PTXQC

Last updated on 2025-07-15 21:50:33 CEST.

Flavor Version Tinstall Tcheck Ttotal Status Flags
r-devel-linux-x86_64-debian-clang 1.1.2 17.42 215.49 232.91 OK
r-devel-linux-x86_64-debian-gcc 1.1.2 13.10 151.36 164.46 OK
r-devel-linux-x86_64-fedora-clang 1.1.3 279.59 NOTE
r-devel-linux-x86_64-fedora-gcc 1.1.3 282.05 NOTE
r-devel-windows-x86_64 1.1.2 20.00 217.00 237.00 OK
r-patched-linux-x86_64 1.1.2 20.73 202.12 222.85 OK
r-release-linux-x86_64 1.1.2 15.22 200.40 215.62 OK
r-release-macos-arm64 1.1.2 104.00 OK
r-release-macos-x86_64 1.1.3 176.00 OK
r-release-windows-x86_64 1.1.2 22.00 215.00 237.00 OK
r-oldrel-macos-arm64 1.1.2 121.00 NOTE
r-oldrel-macos-x86_64 1.1.3 148.00 NOTE
r-oldrel-windows-x86_64 1.1.2 28.00 285.00 313.00 NOTE

Check Details

Version: 1.1.3
Check: dependencies in R code
Result: NOTE Namespace in Imports field not imported from: ‘rlang’ All declared Imports should be used. Flavors: r-devel-linux-x86_64-fedora-clang, r-devel-linux-x86_64-fedora-gcc

Version: 1.1.2
Check: installed package size
Result: NOTE installed size is 7.9Mb sub-directories of 1Mb or more: doc 4.0Mb examples 2.6Mb Flavors: r-oldrel-macos-arm64, r-oldrel-windows-x86_64

Version: 1.1.3
Check: installed package size
Result: NOTE installed size is 7.9Mb sub-directories of 1Mb or more: doc 4.0Mb examples 2.6Mb Flavor: r-oldrel-macos-x86_64