Last updated on 2024-07-17 20:57:08 CEST.
Flavor | Version | Tinstall | Tcheck | Ttotal | Status | Flags |
---|---|---|---|---|---|---|
r-devel-linux-x86_64-debian-clang | 0.67.0 | 18.91 | 306.80 | 325.71 | OK | |
r-devel-linux-x86_64-debian-gcc | 0.67.0 | 14.90 | 227.33 | 242.23 | OK | |
r-devel-linux-x86_64-fedora-clang | 0.67.0 | 396.33 | OK | |||
r-devel-linux-x86_64-fedora-gcc | 0.67.0 | 488.54 | OK | |||
r-devel-windows-x86_64 | 0.67.0 | 18.00 | 696.00 | 714.00 | NOTE | |
r-patched-linux-x86_64 | 0.67.0 | 25.67 | 302.15 | 327.82 | OK | |
r-release-linux-x86_64 | 0.67.0 | 18.26 | 301.38 | 319.64 | OK | |
r-release-macos-arm64 | 0.67.0 | 150.00 | OK | |||
r-release-macos-x86_64 | 0.67.0 | 221.00 | OK | |||
r-release-windows-x86_64 | 0.67.0 | 18.00 | 695.00 | 713.00 | OK | |
r-oldrel-macos-arm64 | 0.67.0 | 197.00 | OK | |||
r-oldrel-macos-x86_64 | 0.67.0 | 375.00 | OK | |||
r-oldrel-windows-x86_64 | 0.67.0 | 23.00 | 432.00 | 455.00 | OK |
Version: 0.67.0
Check: Rd cross-references
Result: NOTE
Found the following Rd file(s) with Rd \link{} targets missing package
anchors:
as.CBS.DNAcopy.Rd: DNAcopy
as.DNAcopy.CBS.Rd: DNAcopy
Please provide package anchors for all Rd \link{} targets not in the
package itself and the base packages.
Flavor: r-devel-windows-x86_64