Last updated on 2025-05-08 20:49:44 CEST.
Flavor | Version | Tinstall | Tcheck | Ttotal | Status | Flags |
---|---|---|---|---|---|---|
r-devel-linux-x86_64-debian-clang | 0.1.1 | 1.93 | 18.79 | 20.72 | NOTE | |
r-devel-linux-x86_64-debian-gcc | 0.1.1 | 1.56 | 15.38 | 16.94 | NOTE | |
r-devel-linux-x86_64-fedora-clang | 0.1.1 | 31.87 | OK | |||
r-devel-linux-x86_64-fedora-gcc | 0.1.1 | 30.59 | OK | |||
r-devel-windows-x86_64 | 0.1.1 | 3.00 | 40.00 | 43.00 | OK | |
r-patched-linux-x86_64 | 0.1.1 | 1.91 | 18.05 | 19.96 | OK | |
r-release-linux-x86_64 | 0.1.1 | 1.84 | 17.95 | 19.79 | OK | |
r-release-macos-arm64 | 0.1.1 | 19.00 | OK | |||
r-release-macos-x86_64 | 0.1.1 | 25.00 | OK | |||
r-release-windows-x86_64 | 0.1.1 | 3.00 | 42.00 | 45.00 | OK | |
r-oldrel-macos-arm64 | 0.1.1 | 13.00 | OK | |||
r-oldrel-macos-x86_64 | 0.1.1 | 20.00 | OK | |||
r-oldrel-windows-x86_64 | 0.1.1 | 3.00 | 45.00 | 48.00 | OK |
Version: 0.1.1
Check: CRAN incoming feasibility
Result: NOTE
Maintainer: ‘Yi Zhao <zhayi@umich.edu>’
The Description field contains
<arXiv:2105.03993>.
Please refer to arXiv e-prints via their arXiv DOI <doi:10.48550/arXiv.YYMM.NNNNN>.
Flavors: r-devel-linux-x86_64-debian-clang, r-devel-linux-x86_64-debian-gcc