Last updated on 2023-01-26 19:49:35 CET.
Flavor | Version | Tinstall | Tcheck | Ttotal | Status | Flags |
---|---|---|---|---|---|---|
r-devel-linux-x86_64-debian-clang | 1.1.1 | 2.94 | 32.67 | 35.61 | NOTE | |
r-devel-linux-x86_64-debian-gcc | 1.1.1 | 2.28 | 26.08 | 28.36 | NOTE | |
r-devel-linux-x86_64-fedora-clang | 1.1.1 | 45.87 | NOTE | |||
r-devel-linux-x86_64-fedora-gcc | 1.1.1 | 60.27 | NOTE | |||
r-devel-windows-x86_64 | 1.1.1 | 32.00 | 72.00 | 104.00 | NOTE | |
r-patched-linux-x86_64 | 1.1.1 | 3.20 | 32.99 | 36.19 | NOTE | |
r-release-linux-x86_64 | 1.1.1 | 2.13 | 31.95 | 34.08 | NOTE | |
r-release-macos-arm64 | 1.1.1 | 22.00 | NOTE | |||
r-release-macos-x86_64 | 1.1.1 | 34.00 | NOTE | |||
r-release-windows-x86_64 | 1.1.1 | 40.00 | 72.00 | 112.00 | NOTE | |
r-oldrel-macos-arm64 | 1.1.1 | 252.00 | NOTE | |||
r-oldrel-macos-x86_64 | 1.1.1 | 32.00 | NOTE | |||
r-oldrel-windows-ix86+x86_64 | 1.1.1 | 9.00 | 69.00 | 78.00 | NOTE |
Version: 1.1.1
Check: LazyData
Result: NOTE
'LazyData' is specified without a 'data' directory
Flavors: r-devel-linux-x86_64-debian-clang, r-devel-linux-x86_64-debian-gcc, r-devel-linux-x86_64-fedora-clang, r-devel-linux-x86_64-fedora-gcc, r-devel-windows-x86_64, r-patched-linux-x86_64, r-release-linux-x86_64, r-release-macos-arm64, r-release-macos-x86_64, r-release-windows-x86_64, r-oldrel-macos-arm64, r-oldrel-macos-x86_64, r-oldrel-windows-ix86+x86_64
Version: 1.1.1
Check: installed package size
Result: NOTE
installed size is 5.0Mb
sub-directories of 1Mb or more:
doc 4.8Mb
Flavor: r-devel-linux-x86_64-fedora-clang