Last updated on 2024-03-28 19:48:41 CET.
Flavor | Version | Tinstall | Tcheck | Ttotal | Status | Flags |
---|---|---|---|---|---|---|
r-devel-linux-x86_64-debian-clang | 1.0.2 | 48.47 | 70.91 | 119.38 | NOTE | |
r-devel-linux-x86_64-debian-gcc | 1.0.2 | 47.04 | 56.49 | 103.53 | NOTE | |
r-devel-linux-x86_64-fedora-clang | 1.0.2 | 160.22 | NOTE | |||
r-devel-linux-x86_64-fedora-gcc | 1.0.2 | 187.02 | NOTE | |||
r-devel-windows-x86_64 | 1.0.2 | 39.00 | 102.00 | 141.00 | NOTE | |
r-patched-linux-x86_64 | 1.0.2 | 56.61 | 71.64 | 128.25 | NOTE | |
r-release-linux-x86_64 | 1.0.2 | 58.86 | 72.45 | 131.31 | NOTE | |
r-release-macos-arm64 | 1.0.2 | 58.00 | NOTE | |||
r-release-macos-x86_64 | 1.0.2 | 99.00 | NOTE | |||
r-release-windows-x86_64 | 1.0.2 | 49.00 | 116.00 | 165.00 | NOTE | |
r-oldrel-macos-arm64 | 1.0.2 | 45.00 | NOTE | |||
r-oldrel-windows-x86_64 | 1.0.2 | 50.00 | 111.00 | 161.00 | OK |
Version: 1.0.2
Check: C++ specification
Result: NOTE
Specified C++11: please drop specification unless essential
Flavors: r-devel-linux-x86_64-debian-clang, r-devel-linux-x86_64-debian-gcc, r-devel-linux-x86_64-fedora-clang, r-devel-linux-x86_64-fedora-gcc, r-devel-windows-x86_64, r-patched-linux-x86_64, r-release-linux-x86_64, r-release-macos-arm64, r-release-macos-x86_64, r-release-windows-x86_64
Version: 1.0.2
Check: compiled code
Result: NOTE
File ‘PRIMAL/libs/PRIMAL.so’:
Found no calls to: ‘R_registerRoutines’, ‘R_useDynamicSymbols’
It is good practice to register native routines and to disable symbol
search.
See ‘Writing portable packages’ in the ‘Writing R Extensions’ manual.
Flavors: r-devel-linux-x86_64-fedora-clang, r-devel-linux-x86_64-fedora-gcc
Version: 1.0.2
Check: installed package size
Result: NOTE
installed size is 10.1Mb
sub-directories of 1Mb or more:
libs 9.6Mb
Flavors: r-release-macos-arm64, r-release-macos-x86_64, r-oldrel-macos-arm64