Last updated on 2023-11-29 19:54:16 CET.
Flavor | Version | Tinstall | Tcheck | Ttotal | Status | Flags |
---|---|---|---|---|---|---|
r-devel-linux-x86_64-debian-clang | 1.6.3 | 192.43 | 642.29 | 834.72 | OK | |
r-devel-linux-x86_64-debian-gcc | 1.6.3 | 148.66 | 470.56 | 619.22 | OK | |
r-devel-linux-x86_64-fedora-clang | 1.6.3 | 1155.31 | OK | |||
r-devel-linux-x86_64-fedora-gcc | 1.6.3 | 1079.35 | OK | |||
r-devel-windows-x86_64 | 1.6.3 | 136.00 | 459.00 | 595.00 | OK | |
r-patched-linux-x86_64 | 1.6.3 | 181.66 | 610.83 | 792.49 | OK | |
r-release-linux-x86_64 | 1.6.3 | 142.14 | 618.30 | 760.44 | OK | |
r-release-macos-arm64 | 1.6.3 | 193.00 | NOTE | |||
r-release-macos-x86_64 | 1.6.3 | 276.00 | NOTE | |||
r-release-windows-x86_64 | 1.6.3 | 200.00 | 594.00 | 794.00 | OK | |
r-oldrel-macos-arm64 | 1.6.3 | 215.00 | NOTE | |||
r-oldrel-macos-x86_64 | 1.6.2 | 308.00 | NOTE | |||
r-oldrel-windows-x86_64 | 1.6.3 | 170.00 | 540.00 | 710.00 | OK |
Version: 1.6.3
Check: installed package size
Result: NOTE
installed size is 11.4Mb
sub-directories of 1Mb or more:
data 2.2Mb
libs 8.5Mb
Flavors: r-release-macos-arm64, r-release-macos-x86_64, r-oldrel-macos-arm64
Version: 1.6.2
Check: installed package size
Result: NOTE
installed size is 11.8Mb
sub-directories of 1Mb or more:
data 2.2Mb
libs 8.9Mb
Flavor: r-oldrel-macos-x86_64