Last updated on 2023-10-03 22:03:36 CEST.
Flavor | Version | Tinstall | Tcheck | Ttotal | Status | Flags |
---|---|---|---|---|---|---|
r-devel-linux-x86_64-debian-clang | 0.1.0 | 34.07 | 70.14 | 104.21 | NOTE | |
r-devel-linux-x86_64-debian-gcc | 0.1.0 | 26.85 | 54.28 | 81.13 | NOTE | |
r-devel-linux-x86_64-fedora-clang | 0.1.0 | 149.86 | NOTE | |||
r-devel-linux-x86_64-fedora-gcc | 0.1.0 | 141.20 | NOTE | |||
r-devel-windows-x86_64 | 0.1.0 | 28.00 | 86.00 | 114.00 | NOTE | |
r-patched-linux-x86_64 | 0.1.0 | 37.17 | 68.21 | 105.38 | NOTE | |
r-release-linux-x86_64 | 0.1.0 | 36.09 | 69.11 | 105.20 | NOTE | |
r-release-macos-arm64 | 0.1.0 | 42.00 | NOTE | |||
r-release-macos-x86_64 | 0.1.0 | 68.00 | NOTE | |||
r-release-windows-x86_64 | 0.1.0 | 39.00 | 91.00 | 130.00 | NOTE | |
r-oldrel-macos-arm64 | 0.1.0 | 37.00 | OK | |||
r-oldrel-macos-x86_64 | 0.1.0 | 52.00 | OK | |||
r-oldrel-windows-x86_64 | 0.1.0 | 35.00 | 97.00 | 132.00 | OK |
Version: 0.1.0
Check: C++ specification
Result: NOTE
Specified C++11: please drop specification unless essential
Flavors: r-devel-linux-x86_64-debian-clang, r-devel-linux-x86_64-debian-gcc, r-devel-linux-x86_64-fedora-clang, r-devel-linux-x86_64-fedora-gcc, r-devel-windows-x86_64, r-patched-linux-x86_64, r-release-linux-x86_64, r-release-macos-arm64, r-release-macos-x86_64, r-release-windows-x86_64