Last updated on 2025-02-06 19:49:32 CET.
Flavor | Version | Tinstall | Tcheck | Ttotal | Status | Flags |
---|---|---|---|---|---|---|
r-devel-linux-x86_64-debian-clang | 0.3.8 | 129.41 | 25.90 | 155.31 | NOTE | |
r-devel-linux-x86_64-debian-gcc | 0.3.8 | 93.65 | 20.76 | 114.41 | NOTE | |
r-devel-linux-x86_64-fedora-clang | 0.3.8 | 372.22 | NOTE | |||
r-devel-linux-x86_64-fedora-gcc | 0.3.8 | 325.16 | NOTE | |||
r-devel-windows-x86_64 | 0.3.8 | 126.00 | 77.00 | 203.00 | NOTE | |
r-patched-linux-x86_64 | 0.3.8 | 137.54 | 24.94 | 162.48 | NOTE | |
r-release-linux-x86_64 | 0.3.8 | 135.19 | 24.47 | 159.66 | NOTE | |
r-release-macos-arm64 | 0.3.8 | 75.00 | NOTE | |||
r-release-macos-x86_64 | 0.3.8 | 79.00 | NOTE | |||
r-release-windows-x86_64 | 0.3.8 | 132.00 | 75.00 | 207.00 | NOTE | |
r-oldrel-macos-arm64 | 0.3.8 | 94.00 | NOTE | |||
r-oldrel-macos-x86_64 | 0.3.8 | 178.00 | NOTE | |||
r-oldrel-windows-x86_64 | 0.3.8 | 130.00 | 82.00 | 212.00 | NOTE |
Version: 0.3.8
Check: C++ specification
Result: NOTE
Specified C++11: please drop specification unless essential
Flavors: r-devel-linux-x86_64-debian-clang, r-devel-linux-x86_64-debian-gcc, r-devel-linux-x86_64-fedora-clang, r-devel-linux-x86_64-fedora-gcc, r-devel-windows-x86_64, r-patched-linux-x86_64, r-release-linux-x86_64, r-release-macos-arm64, r-release-macos-x86_64, r-release-windows-x86_64, r-oldrel-macos-arm64, r-oldrel-macos-x86_64, r-oldrel-windows-x86_64
Version: 0.3.8
Check: installed package size
Result: NOTE
installed size is 8.9Mb
sub-directories of 1Mb or more:
libs 8.0Mb
Flavors: r-release-macos-arm64, r-release-macos-x86_64, r-oldrel-macos-arm64, r-oldrel-macos-x86_64