Last updated on 2024-03-28 19:48:41 CET.
Flavor | Version | Tinstall | Tcheck | Ttotal | Status | Flags |
---|---|---|---|---|---|---|
r-devel-linux-x86_64-debian-clang | 2.1.7 | 42.89 | 232.15 | 275.04 | NOTE | |
r-devel-linux-x86_64-debian-gcc | 2.1.7 | 39.16 | 168.90 | 208.06 | NOTE | |
r-devel-linux-x86_64-fedora-clang | 2.1.7 | 335.75 | NOTE | |||
r-devel-linux-x86_64-fedora-gcc | 2.1.7 | 351.58 | NOTE | |||
r-devel-windows-x86_64 | 2.1.7 | 39.00 | 191.00 | 230.00 | NOTE | |
r-patched-linux-x86_64 | 2.1.7 | 43.83 | 218.09 | 261.92 | NOTE | |
r-release-linux-x86_64 | 2.1.7 | 46.56 | 221.22 | 267.78 | NOTE | |
r-release-macos-arm64 | 2.1.7 | 108.00 | NOTE | |||
r-release-macos-x86_64 | 2.1.7 | 177.00 | NOTE | |||
r-release-windows-x86_64 | 2.1.7 | 50.00 | 249.00 | 299.00 | NOTE | |
r-oldrel-macos-arm64 | 2.1.7 | 92.00 | NOTE | |||
r-oldrel-windows-x86_64 | 2.1.7 | 50.00 | 240.00 | 290.00 | OK |
Version: 2.1.7
Check: C++ specification
Result: NOTE
Specified C++11: please drop specification unless essential
Flavors: r-devel-linux-x86_64-debian-clang, r-devel-linux-x86_64-debian-gcc, r-devel-linux-x86_64-fedora-clang, r-devel-linux-x86_64-fedora-gcc, r-devel-windows-x86_64, r-patched-linux-x86_64, r-release-linux-x86_64, r-release-macos-arm64, r-release-macos-x86_64, r-release-windows-x86_64
Version: 2.1.7
Check: Rd files
Result: NOTE
checkRd: (-1) summary.POUMM.Rd:28: Lost braces; missing escapes or markup?
28 | \item{stats}{a named list of functions of the form function(par) { number },
| ^
Flavors: r-devel-linux-x86_64-debian-clang, r-devel-linux-x86_64-debian-gcc, r-devel-linux-x86_64-fedora-clang, r-devel-linux-x86_64-fedora-gcc, r-devel-windows-x86_64, r-patched-linux-x86_64
Version: 2.1.7
Check: installed package size
Result: NOTE
installed size is 7.8Mb
sub-directories of 1Mb or more:
libs 7.1Mb
Flavors: r-release-macos-arm64, r-release-macos-x86_64, r-oldrel-macos-arm64