Last updated on 2024-04-18 21:57:00 CEST.
Flavor | Version | Tinstall | Tcheck | Ttotal | Status | Flags |
---|---|---|---|---|---|---|
r-devel-linux-x86_64-debian-clang | 1.1.4 | 235.13 | 41.73 | 276.86 | OK | |
r-devel-linux-x86_64-debian-gcc | 1.1.4 | 181.04 | 31.11 | 212.15 | OK | |
r-devel-linux-x86_64-fedora-clang | 1.1.4 | 394.21 | OK | |||
r-devel-linux-x86_64-fedora-gcc | 1.1.4 | 409.04 | OK | |||
r-prerel-macos-arm64 | 1.1.4 | 72.00 | NOTE | |||
r-prerel-windows-x86_64 | 1.1.4 | 174.00 | 75.00 | 249.00 | OK | |
r-patched-linux-x86_64 | 1.1.4 | 236.10 | 39.57 | 275.67 | OK | |
r-release-linux-x86_64 | 1.1.4 | 227.22 | 40.11 | 267.33 | OK | |
r-release-macos-arm64 | 1.1.4 | 75.00 | NOTE | |||
r-release-macos-x86_64 | 1.1.4 | 83.00 | NOTE | |||
r-release-windows-x86_64 | 1.1.4 | 223.00 | 84.00 | 307.00 | OK | |
r-oldrel-macos-arm64 | 1.1.4 | 76.00 | NOTE | |||
r-oldrel-windows-x86_64 | 1.1.4 | 220.00 | 83.00 | 303.00 | OK |
Version: 1.1.4
Check: installed package size
Result: NOTE
installed size is 13.0Mb
sub-directories of 1Mb or more:
libs 12.8Mb
Flavors: r-prerel-macos-arm64, r-release-macos-arm64, r-release-macos-x86_64, r-oldrel-macos-arm64