Last updated on 2024-04-27 21:20:31 CEST.
Flavor | Version | Tinstall | Tcheck | Ttotal | Status | Flags |
---|---|---|---|---|---|---|
r-devel-linux-x86_64-debian-clang | 1.5 | 11.50 | 62.08 | 73.58 | NOTE | |
r-devel-linux-x86_64-debian-gcc | 1.5 | 9.80 | 42.69 | 52.49 | NOTE | |
r-devel-linux-x86_64-fedora-clang | 1.5 | 88.30 | NOTE | |||
r-devel-linux-x86_64-fedora-gcc | 1.5 | 81.47 | NOTE | |||
r-devel-windows-x86_64 | 1.5 | 10.00 | 57.00 | 67.00 | NOTE | |
r-patched-linux-x86_64 | 1.5 | 10.41 | 59.25 | 69.66 | NOTE | |
r-release-linux-x86_64 | 1.5 | 9.48 | 59.15 | 68.63 | NOTE | |
r-release-macos-arm64 | 1.5 | 23.00 | NOTE | |||
r-release-windows-x86_64 | 1.5 | 10.00 | 56.00 | 66.00 | NOTE | |
r-oldrel-macos-arm64 | 1.5 | 25.00 | NOTE | |||
r-oldrel-macos-x86_64 | 1.5 | 39.00 | NOTE | |||
r-oldrel-windows-x86_64 | 1.5 | 13.00 | 63.00 | 76.00 | NOTE |
Version: 1.5
Check: LazyData
Result: NOTE
'LazyData' is specified without a 'data' directory
Flavors: r-devel-linux-x86_64-debian-clang, r-devel-linux-x86_64-debian-gcc, r-devel-linux-x86_64-fedora-clang, r-devel-linux-x86_64-fedora-gcc, r-devel-windows-x86_64, r-patched-linux-x86_64, r-release-linux-x86_64, r-release-macos-arm64, r-release-windows-x86_64, r-oldrel-macos-arm64, r-oldrel-macos-x86_64, r-oldrel-windows-x86_64