Last updated on 2023-11-27 19:52:49 CET.
Flavor | Version | Tinstall | Tcheck | Ttotal | Status | Flags |
---|---|---|---|---|---|---|
r-devel-linux-x86_64-debian-clang | 2.0.6 | 34.27 | 85.52 | 119.79 | NOTE | |
r-devel-linux-x86_64-debian-gcc | 2.0.6 | 24.57 | 72.10 | 96.67 | NOTE | |
r-devel-linux-x86_64-fedora-clang | 2.0.6 | 165.05 | NOTE | |||
r-devel-linux-x86_64-fedora-gcc | 2.0.6 | 170.10 | NOTE | |||
r-devel-windows-x86_64 | 2.0.6 | 35.00 | 98.00 | 133.00 | NOTE | |
r-patched-linux-x86_64 | 2.0.6 | 29.66 | 82.72 | 112.38 | NOTE | |
r-release-linux-x86_64 | 2.0.6 | 32.26 | 82.13 | 114.39 | NOTE | |
r-release-macos-arm64 | 2.0.6 | 55.00 | NOTE | |||
r-release-macos-x86_64 | 2.0.6 | 87.00 | NOTE | |||
r-release-windows-x86_64 | 2.0.6 | 45.00 | 114.00 | 159.00 | NOTE | |
r-oldrel-macos-arm64 | 2.0.6 | 43.00 | OK | |||
r-oldrel-macos-x86_64 | 2.0.6 | 67.00 | OK | |||
r-oldrel-windows-x86_64 | 2.0.6 | 43.00 | 114.00 | 157.00 | OK |
Version: 2.0.6
Check: C++ specification
Result: NOTE
Specified C++11: please drop specification unless essential
Flavors: r-devel-linux-x86_64-debian-clang, r-devel-linux-x86_64-debian-gcc, r-devel-linux-x86_64-fedora-clang, r-devel-linux-x86_64-fedora-gcc, r-devel-windows-x86_64, r-patched-linux-x86_64, r-release-linux-x86_64, r-release-macos-arm64, r-release-macos-x86_64, r-release-windows-x86_64