CRAN Package Check Results for Package PDSCE

Last updated on 2023-10-03 22:03:35 CEST.

Flavor Version Tinstall Tcheck Ttotal Status Flags
r-devel-linux-x86_64-debian-clang 1.2.1 3.43 23.17 26.60 OK
r-devel-linux-x86_64-debian-gcc 1.2.1 2.29 18.38 20.67 OK
r-devel-linux-x86_64-fedora-clang 1.2.1 33.77 NOTE
r-devel-linux-x86_64-fedora-gcc 1.2.1 32.52 NOTE
r-devel-windows-x86_64 1.2.1 4.00 39.00 43.00 OK
r-patched-linux-x86_64 1.2.1 3.03 22.86 25.89 OK
r-release-linux-x86_64 1.2.1 3.45 23.39 26.84 OK
r-release-macos-arm64 1.2.1 17.00 OK
r-release-macos-x86_64 1.2.1 21.00 OK
r-release-windows-x86_64 1.2.1 5.00 45.00 50.00 OK
r-oldrel-macos-arm64 1.2.1 16.00 OK
r-oldrel-macos-x86_64 1.2.1 22.00 OK
r-oldrel-windows-x86_64 1.2.1 8.00 58.00 66.00 OK

Check Details

Version: 1.2.1
Check: compiled code
Result: NOTE
    File ‘PDSCE/libs/PDSCE.so’:
     Found no calls to: ‘R_registerRoutines’, ‘R_useDynamicSymbols’
    
    It is good practice to register native routines and to disable symbol
    search.
    
    See ‘Writing portable packages’ in the ‘Writing R Extensions’ manual.
Flavors: r-devel-linux-x86_64-fedora-clang, r-devel-linux-x86_64-fedora-gcc