CRAN Package Check Results for Package PDSCE

Last updated on 2022-10-02 22:51:45 CEST.

Flavor Version Tinstall Tcheck Ttotal Status Flags
r-devel-linux-x86_64-debian-clang 1.2.1 2.81 24.19 27.00 OK
r-devel-linux-x86_64-debian-gcc 1.2.1 2.29 18.61 20.90 OK
r-devel-linux-x86_64-fedora-clang 1.2.1 45.12 NOTE
r-devel-linux-x86_64-fedora-gcc 1.2.1 43.43 NOTE
r-devel-windows-x86_64 1.2.1 11.00 48.00 59.00 OK
r-patched-linux-x86_64 1.2.1 2.75 23.07 25.82 OK
r-release-linux-x86_64 1.2.1 2.93 23.08 26.01 OK
r-release-macos-arm64 1.2.1 15.00 OK
r-release-macos-x86_64 1.2.1 22.00 OK
r-release-windows-x86_64 1.2.1 8.00 58.00 66.00 OK
r-oldrel-macos-arm64 1.2.1 14.00 OK
r-oldrel-macos-x86_64 1.2.1 21.00 OK
r-oldrel-windows-ix86+x86_64 1.2.1 8.00 43.00 51.00 OK

Check Details

Version: 1.2.1
Check: compiled code
Result: NOTE
    File ‘PDSCE/libs/PDSCE.so’:
     Found no calls to: ‘R_registerRoutines’, ‘R_useDynamicSymbols’
    
    It is good practice to register native routines and to disable symbol
    search.
    
    See ‘Writing portable packages’ in the ‘Writing R Extensions’ manual.
Flavors: r-devel-linux-x86_64-fedora-clang, r-devel-linux-x86_64-fedora-gcc