Last updated on 2025-07-12 20:50:38 CEST.
Flavor | Version | Tinstall | Tcheck | Ttotal | Status | Flags |
---|---|---|---|---|---|---|
r-devel-linux-x86_64-debian-clang | 1.2 | 16.65 | 63.00 | 79.65 | NOTE | |
r-devel-linux-x86_64-debian-gcc | 1.2 | 12.47 | 45.81 | 58.28 | NOTE | |
r-devel-linux-x86_64-fedora-clang | 1.2 | 133.87 | NOTE | |||
r-devel-linux-x86_64-fedora-gcc | 1.2 | 132.37 | NOTE | |||
r-devel-windows-x86_64 | 1.2 | 19.00 | 85.00 | 104.00 | NOTE | |
r-patched-linux-x86_64 | 1.2 | 16.36 | 58.96 | 75.32 | NOTE | |
r-release-linux-x86_64 | 1.2 | 16.64 | 59.15 | 75.79 | NOTE | |
r-release-macos-arm64 | 1.2 | 49.00 | NOTE | |||
r-release-macos-x86_64 | 1.2 | 86.00 | NOTE | |||
r-release-windows-x86_64 | 1.2 | 18.00 | 83.00 | 101.00 | NOTE | |
r-oldrel-macos-arm64 | 1.2 | 45.00 | NOTE | |||
r-oldrel-macos-x86_64 | 1.2 | 61.00 | NOTE | |||
r-oldrel-windows-x86_64 | 1.2 | 23.00 | 104.00 | 127.00 | NOTE |
Version: 1.2
Check: Rd files
Result: NOTE
checkRd: (-1) getPCRAData.Rd:28: Lost braces in \itemize; meant \describe ?
checkRd: (-1) getPCRAData.Rd:29: Lost braces in \itemize; meant \describe ?
Flavors: r-devel-linux-x86_64-debian-clang, r-devel-linux-x86_64-debian-gcc, r-devel-linux-x86_64-fedora-clang, r-devel-linux-x86_64-fedora-gcc, r-devel-windows-x86_64, r-patched-linux-x86_64, r-release-linux-x86_64, r-release-macos-arm64, r-release-macos-x86_64, r-release-windows-x86_64, r-oldrel-macos-arm64, r-oldrel-macos-x86_64, r-oldrel-windows-x86_64
Version: 1.2
Check: for unstated dependencies in ‘demo’
Result: NOTE
'::' or ':::' imports not declared from:
‘MASS’ ‘tensr’
'library' or 'require' calls not declared from:
‘MASS’ ‘facmodCS’ ‘fit.models’ ‘sandwich’
Flavors: r-devel-linux-x86_64-debian-clang, r-devel-linux-x86_64-debian-gcc, r-patched-linux-x86_64, r-release-linux-x86_64