CRAN Package Check Results for Package PBSmapping

Last updated on 2022-11-27 19:51:37 CET.

Flavor Version Tinstall Tcheck Ttotal Status Flags
r-devel-linux-x86_64-debian-clang 2.73.2 24.65 99.00 123.65 OK
r-devel-linux-x86_64-debian-gcc 2.73.2 18.65 77.75 96.40 OK
r-devel-linux-x86_64-fedora-clang 2.73.2 168.57 NOTE
r-devel-linux-x86_64-fedora-gcc 2.73.2 160.69 OK
r-devel-windows-x86_64 2.73.2 280.00 161.00 441.00 NOTE
r-patched-linux-x86_64 2.73.2 25.61 89.64 115.25 OK
r-release-linux-x86_64 2.73.2 23.10 91.28 114.38 OK
r-release-macos-arm64 2.73.2 53.00 NOTE
r-release-macos-x86_64 2.73.2 76.00 NOTE
r-release-windows-x86_64 2.73.2 100.00 159.00 259.00 NOTE
r-oldrel-macos-arm64 2.73.2 44.00 NOTE
r-oldrel-macos-x86_64 2.73.2 77.00 NOTE
r-oldrel-windows-ix86+x86_64 2.73.2 53.00 148.00 201.00 NOTE

Check Details

Version: 2.73.2
Check: installed package size
Result: NOTE
     installed size is 5.6Mb
     sub-directories of 1Mb or more:
     data 2.7Mb
     doc 1.1Mb
Flavors: r-devel-linux-x86_64-fedora-clang, r-devel-windows-x86_64, r-release-macos-arm64, r-release-macos-x86_64, r-release-windows-x86_64, r-oldrel-macos-arm64, r-oldrel-macos-x86_64, r-oldrel-windows-ix86+x86_64