Last updated on 2024-07-17 20:57:07 CEST.
Flavor | Version | Tinstall | Tcheck | Ttotal | Status | Flags |
---|---|---|---|---|---|---|
r-devel-linux-x86_64-debian-clang | 2.73.4 | 24.06 | 102.52 | 126.58 | OK | |
r-devel-linux-x86_64-debian-gcc | 2.73.4 | 19.36 | 75.81 | 95.17 | OK | |
r-devel-linux-x86_64-fedora-clang | 2.73.4 | 162.22 | NOTE | |||
r-devel-linux-x86_64-fedora-gcc | 2.73.4 | 180.28 | OK | |||
r-devel-windows-x86_64 | 2.73.4 | 26.00 | 127.00 | 153.00 | NOTE | |
r-patched-linux-x86_64 | 2.73.4 | 26.20 | 99.45 | 125.65 | OK | |
r-release-linux-x86_64 | 2.73.4 | 24.26 | 97.42 | 121.68 | OK | |
r-release-macos-arm64 | 2.73.4 | 47.00 | NOTE | |||
r-release-macos-x86_64 | 2.73.4 | 73.00 | NOTE | |||
r-release-windows-x86_64 | 2.73.4 | 26.00 | 122.00 | 148.00 | NOTE | |
r-oldrel-macos-arm64 | 2.73.4 | 54.00 | NOTE | |||
r-oldrel-macos-x86_64 | 2.73.4 | 182.00 | NOTE | |||
r-oldrel-windows-x86_64 | 2.73.4 | 27.00 | 146.00 | 173.00 | NOTE |
Version: 2.73.4
Check: installed package size
Result: NOTE
installed size is 5.6Mb
sub-directories of 1Mb or more:
data 2.7Mb
doc 1.1Mb
Flavors: r-devel-linux-x86_64-fedora-clang, r-devel-windows-x86_64, r-release-macos-arm64, r-release-macos-x86_64, r-release-windows-x86_64, r-oldrel-macos-arm64, r-oldrel-macos-x86_64, r-oldrel-windows-x86_64