Last updated on 2025-05-09 20:49:57 CEST.
Flavor | Version | Tinstall | Tcheck | Ttotal | Status | Flags |
---|---|---|---|---|---|---|
r-devel-linux-x86_64-debian-clang | 0.1.0 | 6.61 | 50.30 | 56.91 | NOTE | |
r-devel-linux-x86_64-debian-gcc | 0.1.0 | 4.28 | 38.97 | 43.25 | NOTE | |
r-devel-linux-x86_64-fedora-clang | 0.1.0 | 86.05 | OK | |||
r-devel-linux-x86_64-fedora-gcc | 0.1.0 | 83.18 | OK | |||
r-devel-windows-x86_64 | 0.1.0 | 7.00 | 64.00 | 71.00 | OK | |
r-patched-linux-x86_64 | 0.1.0 | 5.68 | 48.52 | 54.20 | OK | |
r-release-linux-x86_64 | 0.1.0 | 4.61 | 47.87 | 52.48 | OK | |
r-release-macos-arm64 | 0.1.0 | 34.00 | OK | |||
r-release-macos-x86_64 | 0.1.0 | 64.00 | OK | |||
r-release-windows-x86_64 | 0.1.0 | 7.00 | 66.00 | 73.00 | OK | |
r-oldrel-macos-arm64 | 0.1.0 | 28.00 | OK | |||
r-oldrel-macos-x86_64 | 0.1.0 | 41.00 | OK | |||
r-oldrel-windows-x86_64 | 0.1.0 | 9.00 | 77.00 | 86.00 | OK |
Version: 0.1.0
Check: CRAN incoming feasibility
Result: NOTE
Maintainer: ‘Xiaoyan Wang<xywang@ucla.edu>’
No Authors@R field in DESCRIPTION.
Please add one, modifying
Authors@R: c(person(given = "Xiaoyan",
family = "Wang",
role = c("aut", "cre"),
email = "xywang@ucla.edu"),
person(given = "Gang",
family = "Li",
role = "aut"))
as necessary.
The Description field contains
to Gang Li and Xiaoyan Wang (2016) <arXiv:1611.03063> for more details.
Please refer to arXiv e-prints via their arXiv DOI <doi:10.48550/arXiv.YYMM.NNNNN>.
Flavors: r-devel-linux-x86_64-debian-clang, r-devel-linux-x86_64-debian-gcc