Last updated on 2025-11-23 20:48:56 CET.
| Flavor | Version | Tinstall | Tcheck | Ttotal | Status | Flags |
|---|---|---|---|---|---|---|
| r-devel-linux-x86_64-debian-clang | 1.0 | 6.03 | 57.31 | 63.34 | NOTE | |
| r-devel-linux-x86_64-debian-gcc | 1.0 | 3.91 | 42.62 | 46.53 | NOTE | |
| r-devel-linux-x86_64-fedora-clang | 1.0 | 13.00 | 84.96 | 97.96 | OK | |
| r-devel-windows-x86_64 | 1.0 | 10.00 | 68.00 | 78.00 | OK | |
| r-patched-linux-x86_64 | 1.0 | 5.81 | 53.66 | 59.47 | OK | |
| r-release-linux-x86_64 | 1.0 | 5.85 | 53.92 | 59.77 | OK | |
| r-release-macos-arm64 | 1.0 | OK | ||||
| r-release-macos-x86_64 | 1.0 | 6.00 | 40.00 | 46.00 | OK | |
| r-release-windows-x86_64 | 1.0 | 8.00 | 68.00 | 76.00 | OK | |
| r-oldrel-macos-arm64 | 1.0 | OK | ||||
| r-oldrel-macos-x86_64 | 1.0 | 4.00 | 33.00 | 37.00 | OK | |
| r-oldrel-windows-x86_64 | 1.0 | 10.00 | 90.00 | 100.00 | OK |
Version: 1.0
Check: CRAN incoming feasibility
Result: NOTE
Maintainer: ‘Yukun Zhang <yukzhang@ucalgary.ca>’
No Authors@R field in DESCRIPTION.
Please add one, modifying
Authors@R: c(person(given = "Yukun",
family = "Zhang",
role = c("aut", "cre"),
email = "yukzhang@ucalgary.ca"),
person(given = "Milad",
family = "Yavari",
role = "aut"),
person(given = "Bob",
family = "Haennel",
role = "aut"),
person(given = "Haocheng",
family = "Li",
role = c("aut", "ctb")))
as necessary.
Flavors: r-devel-linux-x86_64-debian-clang, r-devel-linux-x86_64-debian-gcc