CRAN Package Check Results for Package PASSED

Last updated on 2022-09-28 21:51:44 CEST.

Flavor Version Tinstall Tcheck Ttotal Status Flags
r-devel-linux-x86_64-debian-clang 1.2-1 3.85 43.86 47.71 OK
r-devel-linux-x86_64-debian-gcc 1.2-1 3.22 33.44 36.66 OK
r-devel-linux-x86_64-fedora-clang 1.2-1 68.82 OK
r-devel-linux-x86_64-fedora-gcc 1.2-1 66.14 OK
r-devel-windows-x86_64 1.2-1 10.00 72.00 82.00 OK
r-patched-linux-x86_64 1.2-1 2.90 42.66 45.56 OK
r-release-linux-x86_64 1.2-1 2.45 41.62 44.07 OK
r-release-macos-arm64 1.2-1 24.00 NOTE
r-release-macos-x86_64 1.2-1 29.00 OK
r-release-windows-x86_64 1.2-1 10.00 67.00 77.00 OK
r-oldrel-macos-arm64 1.2-1 15.00 OK
r-oldrel-macos-x86_64 1.2-1 28.00 OK
r-oldrel-windows-ix86+x86_64 1.2-1 9.00 66.00 75.00 OK

Check Details

Version: 1.2-1
Check: package dependencies
Result: NOTE
    Package suggested but not available for checking: ‘MKmisc’
Flavor: r-release-macos-arm64

Version: 1.2-1
Check: Rd cross-references
Result: NOTE
    Package unavailable to check Rd xrefs: ‘MKmisc’
Flavor: r-release-macos-arm64