Last updated on 2024-04-25 20:48:31 CEST.
Flavor | Version | Tinstall | Tcheck | Ttotal | Status | Flags |
---|---|---|---|---|---|---|
r-devel-linux-x86_64-debian-clang | 0.1.2 | 8.23 | 88.23 | 96.46 | OK | |
r-devel-linux-x86_64-debian-gcc | 0.1.2 | 6.78 | 65.28 | 72.06 | OK | |
r-devel-linux-x86_64-fedora-clang | 0.1.2 | 122.18 | OK | |||
r-devel-linux-x86_64-fedora-gcc | 0.1.2 | 126.48 | OK | |||
r-devel-windows-x86_64 | 0.1.2 | 8.00 | 78.00 | 86.00 | OK | |
r-patched-linux-x86_64 | 0.1.2 | 5.89 | 83.59 | 89.48 | OK | |
r-release-linux-x86_64 | 0.1.2 | 5.18 | 82.11 | 87.29 | OK | |
r-release-macos-arm64 | 0.1.2 | 47.00 | OK | |||
r-release-macos-x86_64 | 0.1.2 | 77.00 | OK | |||
r-release-windows-x86_64 | 0.1.2 | 8.00 | 74.00 | 82.00 | OK | |
r-oldrel-macos-arm64 | 0.1.2 | 6.00 | ERROR | |||
r-oldrel-macos-x86_64 | 0.1.2 | 68.00 | OK | |||
r-oldrel-windows-x86_64 | 0.1.2 | 11.00 | 88.00 | 99.00 | OK |
Version: 0.1.2
Check: whether package can be installed
Result: ERROR
Installation failed.
Flavor: r-oldrel-macos-arm64