Last updated on 2024-03-28 19:48:39 CET.
Flavor | Version | Tinstall | Tcheck | Ttotal | Status | Flags |
---|---|---|---|---|---|---|
r-devel-linux-x86_64-fedora-clang | 1.2.10 | 210.57 | OK | |||
r-devel-linux-x86_64-fedora-gcc | 1.2.10 | 304.61 | OK | |||
r-release-macos-arm64 | 1.2.5 | 82.00 | NOTE | |||
r-release-macos-x86_64 | 1.2.10 | 204.00 | OK | |||
r-oldrel-macos-arm64 | 1.2.5 | 88.00 | OK |
Version: 1.2.5
Check: C++ specification
Result: NOTE
Specified C++14: please drop specification unless essential
Flavor: r-release-macos-arm64