Last updated on 2025-11-02 23:49:46 CET.
| Flavor | Version | Tinstall | Tcheck | Ttotal | Status | Flags | 
|---|---|---|---|---|---|---|
| r-devel-linux-x86_64-debian-clang | 1.0.11 | 8.16 | 59.12 | 67.28 | OK | |
| r-devel-linux-x86_64-debian-gcc | 1.0.11 | 4.89 | 43.66 | 48.55 | OK | |
| r-devel-linux-x86_64-fedora-clang | 1.0.11 | 58.00 | 48.00 | 106.00 | OK | |
| r-devel-linux-x86_64-fedora-gcc | 1.0.11 | 53.00 | 67.04 | 120.04 | OK | |
| r-devel-windows-x86_64 | 1.0.11 | 10.00 | 76.00 | 86.00 | OK | |
| r-patched-linux-x86_64 | 1.0.11 | 0.37 | 1.78 | 2.15 | ERROR | |
| r-release-linux-x86_64 | 1.0.11 | 7.09 | 55.43 | 62.52 | OK | |
| r-release-macos-arm64 | 1.0.11 | 3.00 | 39.00 | 42.00 | OK | |
| r-release-macos-x86_64 | 1.0.11 | 7.00 | 72.00 | 79.00 | OK | |
| r-release-windows-x86_64 | 1.0.11 | 12.00 | 74.00 | 86.00 | OK | |
| r-oldrel-macos-arm64 | 1.0.11 | 3.00 | 35.00 | 38.00 | OK | |
| r-oldrel-macos-x86_64 | 1.0.11 | 4.00 | 52.00 | 56.00 | OK | |
| r-oldrel-windows-x86_64 | 1.0.11 | 13.00 | 94.00 | 107.00 | OK | 
Version: 1.0.11
Check: package dependencies
Result: ERROR
  Package required but not available: ‘GenomicAlignments’
  
  See section ‘The DESCRIPTION file’ in the ‘Writing R Extensions’
  manual.
Flavor: r-patched-linux-x86_64