Last updated on 2024-07-17 20:57:06 CEST.
Flavor | Version | Tinstall | Tcheck | Ttotal | Status | Flags |
---|---|---|---|---|---|---|
r-devel-linux-x86_64-debian-clang | 1.0.1 | 12.33 | 67.96 | 80.29 | NOTE | |
r-devel-linux-x86_64-debian-gcc | 1.0.1 | 8.44 | 48.75 | 57.19 | NOTE | |
r-devel-linux-x86_64-fedora-clang | 1.0.1 | 98.04 | NOTE | |||
r-devel-linux-x86_64-fedora-gcc | 1.0.1 | 93.99 | NOTE | |||
r-devel-windows-x86_64 | 1.0.1 | 9.00 | 67.00 | 76.00 | NOTE | |
r-patched-linux-x86_64 | 1.0.1 | 8.54 | 64.18 | 72.72 | NOTE | |
r-release-linux-x86_64 | 1.0.1 | 8.87 | 65.88 | 74.75 | NOTE | |
r-release-macos-arm64 | 1.0.1 | 29.00 | NOTE | |||
r-release-macos-x86_64 | 1.0.1 | 43.00 | NOTE | |||
r-release-windows-x86_64 | 1.0.1 | 11.00 | 70.00 | 81.00 | NOTE | |
r-oldrel-macos-arm64 | 1.0.1 | 34.00 | NOTE | |||
r-oldrel-macos-x86_64 | 1.0.1 | 46.00 | NOTE | |||
r-oldrel-windows-x86_64 | 1.0.1 | 13.00 | 82.00 | 95.00 | NOTE |
Version: 1.0.1
Check: package dependencies
Result: NOTE
Package which this enhances but not available for checking: ‘gurobi’
Flavors: r-devel-linux-x86_64-debian-clang, r-devel-linux-x86_64-debian-gcc, r-devel-linux-x86_64-fedora-clang, r-devel-linux-x86_64-fedora-gcc, r-devel-windows-x86_64, r-patched-linux-x86_64, r-release-linux-x86_64, r-release-macos-arm64, r-release-macos-x86_64, r-release-windows-x86_64, r-oldrel-macos-arm64, r-oldrel-macos-x86_64, r-oldrel-windows-x86_64
Version: 1.0.1
Check: LazyData
Result: NOTE
'LazyData' is specified without a 'data' directory
Flavors: r-devel-linux-x86_64-debian-clang, r-devel-linux-x86_64-debian-gcc, r-devel-linux-x86_64-fedora-clang, r-devel-linux-x86_64-fedora-gcc, r-devel-windows-x86_64, r-patched-linux-x86_64, r-release-linux-x86_64, r-release-macos-arm64, r-release-macos-x86_64, r-release-windows-x86_64, r-oldrel-macos-arm64, r-oldrel-macos-x86_64, r-oldrel-windows-x86_64