CRAN Package Check Results for Package OptCirClust

Last updated on 2022-12-05 20:53:15 CET.

Flavor Version Tinstall Tcheck Ttotal Status Flags
r-devel-linux-x86_64-debian-clang 0.0.4 21.32 62.80 84.12 OK
r-devel-linux-x86_64-debian-gcc 0.0.4 17.94 49.23 67.17 OK
r-devel-linux-x86_64-fedora-clang 0.0.4 122.82 NOTE
r-devel-linux-x86_64-fedora-gcc 0.0.4 123.85 NOTE
r-devel-windows-x86_64 0.0.4 34.00 114.00 148.00 OK
r-patched-linux-x86_64 0.0.4 18.98 60.98 79.96 OK
r-release-linux-x86_64 0.0.4 19.25 57.01 76.26 OK
r-release-macos-arm64 0.0.4 35.00 NOTE
r-release-macos-x86_64 0.0.4 45.00 NOTE
r-release-windows-x86_64 0.0.4 29.00 119.00 148.00 OK
r-oldrel-macos-arm64 0.0.4 42.00 NOTE
r-oldrel-macos-x86_64 0.0.4 47.00 NOTE
r-oldrel-windows-ix86+x86_64 0.0.4 56.00 126.00 182.00 OK

Check Details

Version: 0.0.4
Check: dependencies in R code
Result: NOTE
    Namespace in Imports field not imported from: ‘reshape2’
     All declared Imports should be used.
Flavors: r-devel-linux-x86_64-fedora-clang, r-devel-linux-x86_64-fedora-gcc, r-release-macos-arm64, r-release-macos-x86_64, r-oldrel-macos-arm64, r-oldrel-macos-x86_64