Last updated on 2024-04-19 20:56:45 CEST.
Flavor | Version | Tinstall | Tcheck | Ttotal | Status | Flags |
---|---|---|---|---|---|---|
r-devel-linux-x86_64-debian-clang | 2022.1.28 | 11.90 | 42.20 | 54.10 | OK | |
r-devel-linux-x86_64-debian-gcc | 2022.1.28 | OK | ||||
r-devel-linux-x86_64-fedora-clang | 2022.1.28 | 70.21 | NOTE | |||
r-devel-linux-x86_64-fedora-gcc | 2022.1.28 | 71.49 | NOTE | |||
r-prerel-macos-arm64 | 2022.1.28 | 33.00 | OK | |||
r-prerel-windows-x86_64 | 2022.1.28 | 17.00 | 62.00 | 79.00 | OK | |
r-patched-linux-x86_64 | 2022.1.28 | 20.13 | 39.70 | 59.83 | OK | |
r-release-linux-x86_64 | 2022.1.28 | 13.78 | 39.69 | 53.47 | OK | |
r-release-macos-arm64 | 2022.1.28 | 38.00 | OK | |||
r-release-macos-x86_64 | 2022.1.28 | 46.00 | OK | |||
r-release-windows-x86_64 | 2022.1.28 | 19.00 | 66.00 | 85.00 | OK | |
r-oldrel-macos-arm64 | 2022.1.28 | 37.00 | NOTE | |||
r-oldrel-windows-x86_64 | 2022.1.28 | 19.00 | 66.00 | 85.00 | OK |
Version: 2022.1.28
Check: data for non-ASCII characters
Result: NOTE
Note: found 167 marked UTF-8 strings
Flavors: r-devel-linux-x86_64-fedora-clang, r-devel-linux-x86_64-fedora-gcc, r-oldrel-macos-arm64