Last updated on 2024-03-28 19:48:39 CET.
Flavor | Version | Tinstall | Tcheck | Ttotal | Status | Flags |
---|---|---|---|---|---|---|
r-devel-linux-x86_64-debian-clang | 1.0.8 | 18.41 | 208.73 | 227.14 | OK | |
r-devel-linux-x86_64-debian-gcc | 1.0.8 | 14.14 | 159.03 | 173.17 | OK | |
r-devel-linux-x86_64-fedora-clang | 1.0.8 | 302.83 | NOTE | |||
r-devel-linux-x86_64-fedora-gcc | 1.0.8 | 326.68 | NOTE | |||
r-devel-windows-x86_64 | 1.0.8 | 17.00 | 167.00 | 184.00 | NOTE | |
r-patched-linux-x86_64 | 1.0.8 | 14.26 | 207.82 | 222.08 | OK | |
r-release-linux-x86_64 | 1.0.8 | 11.86 | 207.51 | 219.37 | OK | |
r-release-macos-arm64 | 1.0.8 | 103.00 | NOTE | |||
r-release-macos-x86_64 | 1.0.8 | 205.00 | NOTE | |||
r-release-windows-x86_64 | 1.0.8 | 22.00 | 212.00 | 234.00 | NOTE | |
r-oldrel-macos-arm64 | 1.0.8 | 84.00 | NOTE | |||
r-oldrel-windows-x86_64 | 1.0.8 | 23.00 | 208.00 | 231.00 | NOTE |
Version: 1.0.8
Check: installed package size
Result: NOTE
installed size is 6.0Mb
sub-directories of 1Mb or more:
doc 4.3Mb
Flavors: r-devel-linux-x86_64-fedora-clang, r-devel-windows-x86_64, r-release-macos-arm64, r-release-macos-x86_64, r-release-windows-x86_64, r-oldrel-macos-arm64, r-oldrel-windows-x86_64
Version: 1.0.8
Check: data for non-ASCII characters
Result: NOTE
Note: found 10 marked UTF-8 strings
Flavors: r-devel-linux-x86_64-fedora-clang, r-devel-linux-x86_64-fedora-gcc