Last updated on 2023-10-04 20:42:34 CEST.
Flavor | Version | Tinstall | Tcheck | Ttotal | Status | Flags |
---|---|---|---|---|---|---|
r-devel-linux-x86_64-debian-clang | 1.2 | 12.10 | 111.89 | 123.99 | NOTE | |
r-devel-linux-x86_64-debian-gcc | 1.2 | 11.22 | 84.53 | 95.75 | NOTE | |
r-devel-linux-x86_64-fedora-clang | 1.2 | 149.71 | NOTE | |||
r-devel-linux-x86_64-fedora-gcc | 1.2 | 159.09 | NOTE | |||
r-devel-windows-x86_64 | 1.2 | 11.00 | 101.00 | 112.00 | NOTE | |
r-patched-linux-x86_64 | 1.2 | 15.31 | 109.41 | 124.72 | OK | |
r-release-linux-x86_64 | 1.2 | 11.84 | 109.47 | 121.31 | OK | |
r-release-macos-arm64 | 1.2 | 53.00 | OK | |||
r-release-macos-x86_64 | 1.2 | 84.00 | OK | |||
r-release-windows-x86_64 | 1.2 | 15.00 | 124.00 | 139.00 | OK | |
r-oldrel-macos-arm64 | 1.2 | 39.00 | OK | |||
r-oldrel-macos-x86_64 | 1.2 | 57.00 | OK | |||
r-oldrel-windows-x86_64 | 1.2 | 15.00 | 126.00 | 141.00 | OK |
Version: 1.2
Check: Rd contents
Result: NOTE
Argument items with no description in Rd object 'dsevdist':
‘x’ ‘sevdist’
Flavors: r-devel-linux-x86_64-debian-clang, r-devel-linux-x86_64-debian-gcc, r-devel-linux-x86_64-fedora-clang, r-devel-linux-x86_64-fedora-gcc, r-devel-windows-x86_64