Last updated on 2025-05-17 20:50:23 CEST.
Flavor | Version | Tinstall | Tcheck | Ttotal | Status | Flags |
---|---|---|---|---|---|---|
r-devel-linux-x86_64-debian-clang | 1.0.2 | 5.25 | 58.93 | 64.18 | OK | |
r-devel-linux-x86_64-debian-gcc | 1.0.2 | 3.55 | 43.12 | 46.67 | OK | |
r-devel-linux-x86_64-fedora-clang | 1.0.2 | 100.79 | NOTE | |||
r-devel-linux-x86_64-fedora-gcc | 1.0.2 | 109.65 | NOTE | |||
r-devel-windows-x86_64 | 1.0.2 | 7.00 | 72.00 | 79.00 | OK | |
r-patched-linux-x86_64 | 1.0.2 | 5.31 | 55.64 | 60.95 | OK | |
r-release-linux-x86_64 | 1.0.2 | 4.78 | 55.94 | 60.72 | OK | |
r-release-macos-arm64 | 1.0.2 | 38.00 | OK | |||
r-release-macos-x86_64 | 1.0.2 | 65.00 | OK | |||
r-release-windows-x86_64 | 1.0.2 | 8.00 | 74.00 | 82.00 | OK | |
r-oldrel-macos-arm64 | 1.0.2 | 39.00 | OK | |||
r-oldrel-macos-x86_64 | 1.0.2 | 62.00 | OK | |||
r-oldrel-windows-x86_64 | 1.0.2 | 9.00 | 90.00 | 99.00 | OK |
Version: 1.0.2
Check: dependencies in R code
Result: NOTE
Namespaces in Imports field not imported from:
‘caret’ ‘e1071’ ‘ggthemes’ ‘mlbench’ ‘rmarkdown’ ‘tidymodels’
All declared Imports should be used.
Flavors: r-devel-linux-x86_64-fedora-clang, r-devel-linux-x86_64-fedora-gcc