Last updated on 2025-05-09 20:49:57 CEST.
Flavor | Version | Tinstall | Tcheck | Ttotal | Status | Flags |
---|---|---|---|---|---|---|
r-devel-linux-x86_64-debian-clang | 1.1.2 | 2.56 | 34.98 | 37.54 | NOTE | |
r-devel-linux-x86_64-debian-gcc | 1.1.2 | 1.94 | 28.83 | 30.77 | NOTE | |
r-devel-linux-x86_64-fedora-clang | 1.1.2 | 56.49 | OK | |||
r-devel-linux-x86_64-fedora-gcc | 1.1.2 | 54.87 | OK | |||
r-devel-windows-x86_64 | 1.1.2 | 3.00 | 56.00 | 59.00 | OK | |
r-patched-linux-x86_64 | 1.1.2 | 2.67 | 33.59 | 36.26 | OK | |
r-release-linux-x86_64 | 1.1.2 | 2.44 | 33.65 | 36.09 | OK | |
r-release-macos-arm64 | 1.1.2 | 26.00 | OK | |||
r-release-macos-x86_64 | 1.1.2 | 37.00 | OK | |||
r-release-windows-x86_64 | 1.1.2 | 3.00 | 56.00 | 59.00 | OK | |
r-oldrel-macos-arm64 | 1.1.2 | 21.00 | OK | |||
r-oldrel-macos-x86_64 | 1.1.2 | 29.00 | OK | |||
r-oldrel-windows-x86_64 | 1.1.2 | 5.00 | 55.00 | 60.00 | OK |
Version: 1.1.2
Check: CRAN incoming feasibility
Result: NOTE
Maintainer: ‘Alexandra Linz <amlinz16@gmail.com>’
No Authors@R field in DESCRIPTION.
Please add one, modifying
Authors@R: person(given = "Alexandra",
family = "Linz",
role = c("aut", "cre"),
email = "amlinz16@gmail.com")
as necessary.
Flavors: r-devel-linux-x86_64-debian-clang, r-devel-linux-x86_64-debian-gcc