Last updated on 2025-05-03 21:51:26 CEST.
Flavor | Version | Tinstall | Tcheck | Ttotal | Status | Flags |
---|---|---|---|---|---|---|
r-devel-linux-x86_64-debian-clang | 1.2 | 6.31 | 53.45 | 59.76 | NOTE | |
r-devel-linux-x86_64-debian-gcc | 1.2 | 4.94 | 40.59 | 45.53 | NOTE | |
r-devel-linux-x86_64-fedora-clang | 1.2 | 89.86 | OK | |||
r-devel-linux-x86_64-fedora-gcc | 1.2 | 86.43 | OK | |||
r-devel-windows-x86_64 | 1.2 | 8.00 | 72.00 | 80.00 | OK | |
r-patched-linux-x86_64 | 1.2 | 5.62 | 50.76 | 56.38 | OK | |
r-release-linux-x86_64 | OK | |||||
r-release-macos-arm64 | 1.2 | 34.00 | OK | |||
r-release-macos-x86_64 | 1.2 | 64.00 | OK | |||
r-release-windows-x86_64 | 1.2 | 7.00 | 66.00 | 73.00 | OK | |
r-oldrel-macos-arm64 | 1.2 | 30.00 | OK | |||
r-oldrel-macos-x86_64 | 1.2 | 46.00 | OK | |||
r-oldrel-windows-x86_64 | 1.2 | 8.00 | 78.00 | 86.00 | OK |
Version: 1.2
Check: CRAN incoming feasibility
Result: NOTE
Maintainer: ‘Shannon T. Holloway <shannon.t.holloway@gmail.com>’
No Authors@R field in DESCRIPTION.
Please add one, modifying
Authors@R: c(person(given = "Wenbin",
family = "Lu",
role = "aut"),
person(given = c("Hao", "Helen"),
family = "Zhang",
role = "aut"),
person(given = "Donglin",
family = "Zeng",
role = "aut"),
person(given = "Yuan",
family = "Geng",
role = "aut"),
person(given = c("Shannon", "T."),
family = "Holloway",
role = c("aut", "cre"),
email = "shannon.t.holloway@gmail.com"))
as necessary.
Flavors: r-devel-linux-x86_64-debian-clang, r-devel-linux-x86_64-debian-gcc