CRAN Package Check Results for Package ODMeans

Last updated on 2022-10-02 22:51:44 CEST.

Flavor Version Tinstall Tcheck Ttotal Status Flags
r-devel-linux-x86_64-debian-clang 0.1.0 2.14 24.44 26.58 OK
r-devel-linux-x86_64-debian-gcc 0.1.0 1.76 18.94 20.70 OK
r-devel-linux-x86_64-fedora-clang 0.1.0 44.81 NOTE
r-devel-linux-x86_64-fedora-gcc 0.1.0 41.76 NOTE
r-devel-windows-x86_64 0.1.0 8.00 53.00 61.00 OK
r-patched-linux-x86_64 0.1.0 1.98 23.30 25.28 OK
r-release-linux-x86_64 0.1.0 1.60 23.47 25.07 OK
r-release-macos-arm64 0.1.0 15.00 NOTE
r-release-macos-x86_64 0.1.0 26.00 NOTE
r-release-windows-x86_64 0.1.0 6.00 50.00 56.00 OK
r-oldrel-macos-arm64 0.1.0 14.00 NOTE
r-oldrel-macos-x86_64 0.1.0 22.00 NOTE
r-oldrel-windows-ix86+x86_64 0.1.0 6.00 52.00 58.00 OK

Check Details

Version: 0.1.0
Check: dependencies in R code
Result: NOTE
    Namespace in Imports field not imported from: ‘ggplot2’
     All declared Imports should be used.
Flavors: r-devel-linux-x86_64-fedora-clang, r-devel-linux-x86_64-fedora-gcc, r-release-macos-arm64, r-release-macos-x86_64, r-oldrel-macos-arm64, r-oldrel-macos-x86_64