Last updated on 2024-07-17 20:57:06 CEST.
Flavor | Version | Tinstall | Tcheck | Ttotal | Status | Flags |
---|---|---|---|---|---|---|
r-devel-linux-x86_64-debian-clang | 0.3-1 | 3.34 | 35.97 | 39.31 | OK | |
r-devel-linux-x86_64-debian-gcc | 0.3-1 | 2.00 | 26.37 | 28.37 | OK | |
r-devel-linux-x86_64-fedora-clang | 0.3-1 | 47.21 | OK | |||
r-devel-linux-x86_64-fedora-gcc | 0.3-1 | 44.82 | OK | |||
r-devel-windows-x86_64 | 0.3-1 | 4.00 | 52.00 | 56.00 | NOTE | |
r-patched-linux-x86_64 | 0.3-1 | 5.47 | 32.82 | 38.29 | OK | |
r-release-linux-x86_64 | 0.3-1 | 3.08 | 33.23 | 36.31 | OK | |
r-release-macos-arm64 | 0.3-1 | 18.00 | OK | |||
r-release-macos-x86_64 | 0.3-1 | 27.00 | OK | |||
r-release-windows-x86_64 | 0.3-1 | 4.00 | 51.00 | 55.00 | OK | |
r-oldrel-macos-arm64 | 0.3-1 | 23.00 | OK | |||
r-oldrel-macos-x86_64 | 0.3-1 | 38.00 | OK | |||
r-oldrel-windows-x86_64 | 0.3-1 | 4.00 | 51.00 | 55.00 | OK |
Version: 0.3-1
Check: Rd cross-references
Result: NOTE
Found the following Rd file(s) with Rd \link{} targets missing package
anchors:
nlFit.Rd: logHist
Please provide package anchors for all Rd \link{} targets not in the
package itself and the base packages.
Flavor: r-devel-windows-x86_64